

{"id":78,"date":"2018-03-01T14:02:17","date_gmt":"2018-03-01T13:02:17","guid":{"rendered":"https:\/\/project.inria.fr\/quasymodo\/?page_id=78"},"modified":"2023-09-18T10:21:18","modified_gmt":"2023-09-18T08:21:18","slug":"project-members","status":"publish","type":"page","link":"https:\/\/project.inria.fr\/quasymodo\/project-members\/","title":{"rendered":"Project members"},"content":{"rendered":"<p><\/p>\n<h3>Researchers<\/h3>\n<ul>\n<li><a href=\"http:\/\/naya.plasencia.free.fr\/Maria\/index.php?lg=en\">Mar\u00eda Naya-Plasencia<\/a><\/li>\n<li><a href=\"https:\/\/who.paris.inria.fr\/Andre.Chailloux\/\">Andr\u00e9 Chailloux<\/a><\/li>\n<\/ul>\n<h3>Post-doctoral researchers<\/h3>\n<h3>PhD students<\/h3>\n<ul>\n<li><a href=\"https:\/\/nicolasdavid14.github.io\/\">Nicolas David<\/a><\/li>\n<li><span id=\"DWT238\" class=\"ZmSearchResult\">Dounia<\/span>\u00a0M\u2019foukh<\/li>\n<\/ul>\n<h3>Interns<span id=\"DWT238\" class=\"ZmSearchResult\"><\/span><\/h3>\n<h3>Former members<\/h3>\n<ul>\n<li><a href=\"https:\/\/software.imdea.org\/es\/people\/anais.querol\/index.html\">Ana\u00efs Queirol<\/a><\/li>\n<li><a href=\"https:\/\/www.lacl.fr\/fr\/non-permanent\/mariem-hammami\/\">Mariem Hammami<\/a><\/li>\n<li><a href=\"https:\/\/who.rocq.inria.fr\/Xavier.Bonnetain\/\">Xavier Bonnetain<\/a><\/li>\n<li><a href=\"https:\/\/who.rocq.inria.fr\/Andre.Schrottenloher\/\">Andr\u00e9 Schrottenloher<\/a><\/li>\n<li><a href=\"https:\/\/scholar.google.com\/citations?user=dVA-7CcAAAAJ&amp;hl=es\">Antonio Fl\u00f3rez Guti\u00e9rrez<\/a><\/li>\n<li><a href=\"https:\/\/caramba.loria.fr\/members.fr.html\">Paul Frixons<\/a><\/li>\n<li><a href=\"https:\/\/ritam-b.github.io\/\">Ritam Bhaumik<\/a><\/li>\n<\/ul>\n<p><\/p>","protected":false},"excerpt":{"rendered":"<p>Researchers Mar\u00eda Naya-Plasencia Andr\u00e9 Chailloux Post-doctoral researchers PhD students Nicolas David Dounia\u00a0M\u2019foukh Interns Former members Ana\u00efs Queirol Mariem Hammami Xavier Bonnetain Andr\u00e9 Schrottenloher Antonio Fl\u00f3rez Guti\u00e9rrez Paul Frixons Ritam Bhaumik<\/p>\n<p> <a class=\"continue-reading-link\" href=\"https:\/\/project.inria.fr\/quasymodo\/project-members\/\"><span>Continue reading<\/span><i class=\"crycon-right-dir\"><\/i><\/a> <\/p>\n","protected":false},"author":1876,"featured_media":0,"parent":0,"menu_order":0,"comment_status":"closed","ping_status":"closed","template":"","meta":{"footnotes":""},"class_list":["post-78","page","type-page","status-publish","hentry"],"_links":{"self":[{"href":"https:\/\/project.inria.fr\/quasymodo\/wp-json\/wp\/v2\/pages\/78","targetHints":{"allow":["GET"]}}],"collection":[{"href":"https:\/\/project.inria.fr\/quasymodo\/wp-json\/wp\/v2\/pages"}],"about":[{"href":"https:\/\/project.inria.fr\/quasymodo\/wp-json\/wp\/v2\/types\/page"}],"author":[{"embeddable":true,"href":"https:\/\/project.inria.fr\/quasymodo\/wp-json\/wp\/v2\/users\/1876"}],"replies":[{"embeddable":true,"href":"https:\/\/project.inria.fr\/quasymodo\/wp-json\/wp\/v2\/comments?post=78"}],"version-history":[{"count":18,"href":"https:\/\/project.inria.fr\/quasymodo\/wp-json\/wp\/v2\/pages\/78\/revisions"}],"predecessor-version":[{"id":193,"href":"https:\/\/project.inria.fr\/quasymodo\/wp-json\/wp\/v2\/pages\/78\/revisions\/193"}],"wp:attachment":[{"href":"https:\/\/project.inria.fr\/quasymodo\/wp-json\/wp\/v2\/media?parent=78"}],"curies":[{"name":"wp","href":"https:\/\/api.w.org\/{rel}","templated":true}]}}