

{"id":94,"date":"2018-01-17T14:36:18","date_gmt":"2018-01-17T13:36:18","guid":{"rendered":"https:\/\/project.inria.fr\/rescom2018\/?page_id=94"},"modified":"2018-01-19T21:20:25","modified_gmt":"2018-01-19T20:20:25","slug":"comites","status":"publish","type":"page","link":"https:\/\/project.inria.fr\/rescom2018\/comites\/","title":{"rendered":"Comit\u00e9s"},"content":{"rendered":"<h2>Comit\u00e9 scientifique<\/h2>\n<ul>\n<li>Andr\u00e9-Luc Beylot, UMR 5505 (Directeur du GDR CNRS RSD)<\/li>\n<li>Vincent Claveau, UMR 6074 (Directeur adjoint du GDR CNRS MADICS)<\/li>\n<li>Christine Collet, UMR 5217 (Directrice du GDR CNRS MaDICS)<\/li>\n<li>Eric Fleury, UMR 5668, (Pr\u00e9sident du Comit\u00e9 Scientifique, membre du GDR CNRS RSD)<\/li>\n<li>Pierre Gan\u00e7arski, UMR 7357 (Directeur adjoint du GDR CNRS MaDICS)<\/li>\n<li>Aur\u00e9lien Garivier, UMR 5219, (Directeur adjoint du GDR CNRS MaDICS)<\/li>\n<li>M\u00e1rton Karsai, UMR 5668, (Co-pr\u00e9sident du Comit\u00e9 Scientifique, membre du GDR RSD)<\/li>\n<li>Johan Montagnat UMR 7271 (Responsable des \u00e9coles au sein du GDR CNRS MaDICS)<\/li>\n<li>Thomas Noel, UMR 7357 (Responsable du p\u00f4le ResCom du GDR CNRS RSD)<\/li>\n<li>Michal Valko (Co-pr\u00e9sident du Comit\u00e9 Scientifique, membre du GDR MaDICS)<\/li>\n<\/ul>\n<h2>Comit\u00e9 d&rsquo;organisation<\/h2>\n<ul>\n<li>David Coudert, UMR 7271 (Responsable du p\u00f4le ResCom du GDR CNRS RSD)<\/li>\n<li>Eric Fleury, UMR 5668, (Pr\u00e9sident du Comit\u00e9 Scientifique, membre du GDR CNRS RSD)<\/li>\n<li>M\u00e1rton Karsai, UMR 5668, (Co-pr\u00e9sident du Comit\u00e9 Scientifique, membre du GDR RSD)<\/li>\n<li>Corinne Jullien, UMR 7271<\/li>\n<li>Johan Montagnat, UMR 7271 (Responsable des \u00e9coles au sein du GDR CNRS MaDICS)<\/li>\n<li>Thomas Noel, UMR 7357 (Responsable du p\u00f4le ResCom du GDR CNRS RSD)<\/li>\n<li>Michal Valko (Co-pr\u00e9sident du Comit\u00e9 Scientifique, membre du GDR MaDICS)<\/li>\n<\/ul>\n","protected":false},"excerpt":{"rendered":"<p>Comit\u00e9 scientifique Andr\u00e9-Luc Beylot, UMR 5505 (Directeur du GDR CNRS RSD) Vincent Claveau, UMR 6074 (Directeur adjoint du GDR CNRS MADICS) Christine Collet, UMR 5217 (Directrice du GDR CNRS MaDICS) Eric Fleury, UMR 5668, (Pr\u00e9sident du Comit\u00e9 Scientifique, membre du GDR CNRS RSD) Pierre Gan\u00e7arski, UMR 7357 (Directeur adjoint du\u2026<\/p>\n<p> <a class=\"continue-reading-link\" href=\"https:\/\/project.inria.fr\/rescom2018\/comites\/\"><span>Continue reading<\/span><i class=\"crycon-right-dir\"><\/i><\/a> <\/p>\n","protected":false},"author":659,"featured_media":0,"parent":0,"menu_order":0,"comment_status":"closed","ping_status":"closed","template":"","meta":{"footnotes":""},"class_list":["post-94","page","type-page","status-publish","hentry"],"_links":{"self":[{"href":"https:\/\/project.inria.fr\/rescom2018\/wp-json\/wp\/v2\/pages\/94","targetHints":{"allow":["GET"]}}],"collection":[{"href":"https:\/\/project.inria.fr\/rescom2018\/wp-json\/wp\/v2\/pages"}],"about":[{"href":"https:\/\/project.inria.fr\/rescom2018\/wp-json\/wp\/v2\/types\/page"}],"author":[{"embeddable":true,"href":"https:\/\/project.inria.fr\/rescom2018\/wp-json\/wp\/v2\/users\/659"}],"replies":[{"embeddable":true,"href":"https:\/\/project.inria.fr\/rescom2018\/wp-json\/wp\/v2\/comments?post=94"}],"version-history":[{"count":4,"href":"https:\/\/project.inria.fr\/rescom2018\/wp-json\/wp\/v2\/pages\/94\/revisions"}],"predecessor-version":[{"id":181,"href":"https:\/\/project.inria.fr\/rescom2018\/wp-json\/wp\/v2\/pages\/94\/revisions\/181"}],"wp:attachment":[{"href":"https:\/\/project.inria.fr\/rescom2018\/wp-json\/wp\/v2\/media?parent=94"}],"curies":[{"name":"wp","href":"https:\/\/api.w.org\/{rel}","templated":true}]}}