

{"id":51,"date":"2013-01-21T10:12:58","date_gmt":"2013-01-21T09:12:58","guid":{"rendered":"https:\/\/project.inria.fr\/reset\/?page_id=51"},"modified":"2016-03-23T22:30:20","modified_gmt":"2016-03-23T21:30:20","slug":"partners","status":"publish","type":"page","link":"https:\/\/project.inria.fr\/reset\/partners\/","title":{"rendered":"Partners"},"content":{"rendered":"<p><a href=\"https:\/\/project.inria.fr\/reset\/files\/2013\/01\/Logos_partners_quadri.png\"><img loading=\"lazy\" decoding=\"async\" src=\"https:\/\/project.inria.fr\/reset\/files\/2013\/01\/Logos_partners_quadri.png\" alt=\"Logos_partners_quadri\" width=\"714\" height=\"83\" \/><\/a><\/p>\n<p><strong>INRIA Grenoble &#8211; Rh\u00f4ne-Alpes<\/strong><\/p>\n<p>The <a title=\"Ibis website\" href=\"https:\/\/team.inria.fr\/ibis\/\" target=\"_blank\">IBIS research group<\/a> at <a title=\"INRIA GRA web site\" href=\"http:\/\/www.inria.fr\/en\/centre\/grenoble\" target=\"_blank\">INRIA Grenoble \u2013 Rh\u00f4ne-Alpes<\/a> focuses on the analysis of bacterial regulatory networks through a systems-biology approach, by means of models and experiments. The members of IBIS work on the modeling of large and complex bacterial regulatory networks, the simulation of the network dynamics by means of these models, high-precision and real-time measurements of gene expression and metabolism, the use of these data for model validation and identification, and the control and re-engineering of bacterial regulatory networks.<\/p>\n<p><strong>PIs:<\/strong> Hidde de Jong (project coordinator) and Delphine Ropers<\/p>\n<p><strong>Laboratoire Adaptation et Pathog\u00e9nie des Microorganismes (LAPM), Universit\u00e9 Joseph Fourier and CNRS<\/strong><\/p>\n<p>The Control of Gene Expression (CEG) group at the Laboratoire Adaptation et Pathog\u00e9nie des Microorganismes (LAPM) studies genetic regulatory mechanisms in <em>E. coli<\/em>. The members of CEG have focused these past years on analyzing the dynamics of gene expression, studying different aspects of the regulatory network of <em>E. coli<\/em> by methods of systems biology and synthetic biology. They have also developed and improved methods for chromosome engineering that allow the efficient creation of desired strains.<\/p>\n<p>N.B. In 2014, the CEG group joined the Laboratoire Interdisciplinaire de Physique (LIPhy).<\/p>\n<p><strong>PI:<\/strong> Johannes Geiselmann<\/p>\n<p><strong>Laboratoire Interdisciplinaire de Physique (LIPhy), Universit\u00e9 Joseph Fourier and CNRS<\/strong><\/p>\n<p>The <a title=\"Biophysics group\" href=\"http:\/\/www-liphy.ujf-grenoble.fr\/-Fluctuations-Regulations-and-\" target=\"_blank\">Biophysics group<\/a> at the <a title=\"LIPhy webpage\" href=\"http:\/\/www-liphy.ujf-grenoble.fr\/\" target=\"_blank\">Laboratoire Interdisciplinaire de Physique (LIPhy)<\/a> has an expertise in studying living matter from the perspective of statistical physics. Its members are concerned with two main topics: (i) the stability and entrainability of the circadian clock in cyanobacteria and (ii) more recently, noise propagation in natural bacterial regulatory networks. The aim is to associate the development of new tools (<em>e.g.<\/em>, quantitative bioluminescence microscopy and microfluidics for long-term monitoring of bacteria) with data analysis, modeling, and numerical simulation.<\/p>\n<p><strong>PI:<\/strong> Irina Mihalcescu<\/p>\n<p><strong>Laboratoire Biologie \u00e0 Grande Echelle, CEA, Universit\u00e9 Joseph Fourier, INSERM and CNRS<\/strong><\/p>\n<p>The <a title=\"EDyP webpage\" href=\"http:\/\/www.edyp.fr\/\" target=\"_blank\">Etude de la Dynamique des Prot\u00e9omes (EDyP) team<\/a> at the <a title=\"BGE webpage\" href=\"http:\/\/big.cea.fr\/drf\/big\/Pages\/BGE\/Accueil.aspx\" target=\"_blank\">Laboratoire Biologie \u00e0 Grande Echelle<\/a>\u00a0 has a strong expertise in biochemistry and mass spectrometry. This research unit develops new analytical methods in the field of proteomics and offers proteomics services to the community using state-of-the-art instrumentation (including two OrbiTrap and two Q-Trap mass spectrometers). EDyP has been involved in many projects, covering two major themes: the study of the dynamics of cellular and subcellular proteomes and the search for new biomarkers.<\/p>\n<p><strong>PIs:<\/strong> Christophe Bruley and Myriam Ferro<\/p>\n<p><strong>Laboratoire G\u00e9n\u00e9tique V\u00e9g\u00e9tale du Moulon, INRA, Universit\u00e9 Paris-Sud, CNRS, AgroParisTech<\/strong><\/p>\n<p>The <a title=\"FQG group\" href=\"http:\/\/moulon.inra.fr\/index.php\/fr\/equipes\/genetique-quantitative-fondamentale\" target=\"_blank\">Fundamental Quantitative Genetics group<\/a> at the <a title=\"Moulon website\" href=\"http:\/\/moulon.inra.fr\/\" target=\"_blank\">Laboratoire G\u00e9n\u00e9tique V\u00e9g\u00e9tale du Moulon<\/a> performs mathematical and computational studies for complex traits and biological networks, especially gene regulatory networks. The team has been involved in growth models for yeast and <em>E. coli<\/em>, taking into account metabolism and proteomics data sets. The participants in the project develop mathematical, statistical and computational tools for the <em>in-silico<\/em> analysis of gene regulatory and metabolic networks, with a stress on optimization algorithms, simulation methods, and network inference.<\/p>\n<p><strong>PI:<\/strong> Olivier Martin<\/p>\n<p><strong>INRIA Sophia-Antipolis &#8211; M\u00e9diterran\u00e9e<br \/>\n<\/strong><\/p>\n<p>The aim of the <a title=\"Biocore website\" href=\"https:\/\/team.inria.fr\/biocore\/\" target=\"_blank\">BIOCORE group<\/a> at <a title=\"INRIA SAM web site\" href=\"http:\/\/www.inria.fr\/centre\/sophia\" target=\"_blank\">INRIA Sophia-Antipolis &#8211; M\u00e9diterran\u00e9e<\/a> is to contribute to environment preservation. In this context, the BIOCORE members design, model, analyze, control and optimize artificial ecosystems. Our tools are developed within the framework of the analysis of applied mathematics: dynamical systems and control theory, which includes (multi-scale) modeling, identification, validation based on experimental measurements, state estimation, control, and optimization. Two applications of particular relevance for the Reset project are biochemical networks (genetic networks, signalling networks) and bioreactors (waste treatment, production of metabolites).<\/p>\n<p><strong>PI:<\/strong> Jean-Luc Gouz\u00e9<\/p>\n<p><strong>Metabolic Explorer<\/strong><\/p>\n<p><a title=\"MetEx webpage\" href=\"http:\/\/www.metabolic-explorer.com\/\" target=\"_blank\">Metabolic Explorer<\/a> is a biological chemistry company specialized in the development of industrial bioprocesses (using renewable, sustainable raw materials), for the production of chemical compounds used in a wide range of everyday products: paints, solvents, textile fibres, animal feed supplements, adhesives, <em>etc.<\/em> Based on the tried-and-tested principle of industrial fermentation, and with high R&amp;D and industrial assets, Metabolic Explorer designs high-performance microorganisms that can transform plant-derived raw materials into an existing bulk chemical. The company develops and patents innovative, fermentation-based industrial processes opening up new avenues for using natural, sustainable, renewable resources. These environmentally-friendly, economically validated technologies offer industrial businesses a genuine alternative to petrochemicals for producing the bulk chemicals that are used in many everyday products.<\/p>\n<p><strong>PIs:<\/strong> Gw\u00e9na\u00eblle Corre<\/p>\n<p><a href=\"https:\/\/project.inria.fr\/reset\/files\/2013\/01\/Logos_partners_quadri.png\"><img loading=\"lazy\" decoding=\"async\" src=\"https:\/\/project.inria.fr\/reset\/files\/2013\/01\/Logos_partners_quadri.png\" alt=\"Logos_partners_quadri\" width=\"714\" height=\"83\" \/><\/a><\/p>","protected":false},"excerpt":{"rendered":"<p>INRIA Grenoble &#8211; Rh\u00f4ne-Alpes The IBIS research group at INRIA Grenoble \u2013 Rh\u00f4ne-Alpes focuses on the analysis of bacterial regulatory networks through a systems-biology approach, by means of models and experiments. The members of IBIS work on the modeling of large and complex bacterial regulatory networks, the simulation of the network dynamics by means of &hellip; <\/p>\n<p><a class=\"more-link btn\" href=\"https:\/\/project.inria.fr\/reset\/partners\/\">Continue reading<\/a><\/p>\n","protected":false},"author":253,"featured_media":0,"parent":0,"menu_order":3,"comment_status":"open","ping_status":"open","template":"","meta":{"footnotes":""},"class_list":["post-51","page","type-page","status-publish","hentry","nodate","item-wrap"],"_links":{"self":[{"href":"https:\/\/project.inria.fr\/reset\/wp-json\/wp\/v2\/pages\/51","targetHints":{"allow":["GET"]}}],"collection":[{"href":"https:\/\/project.inria.fr\/reset\/wp-json\/wp\/v2\/pages"}],"about":[{"href":"https:\/\/project.inria.fr\/reset\/wp-json\/wp\/v2\/types\/page"}],"author":[{"embeddable":true,"href":"https:\/\/project.inria.fr\/reset\/wp-json\/wp\/v2\/users\/253"}],"replies":[{"embeddable":true,"href":"https:\/\/project.inria.fr\/reset\/wp-json\/wp\/v2\/comments?post=51"}],"version-history":[{"count":21,"href":"https:\/\/project.inria.fr\/reset\/wp-json\/wp\/v2\/pages\/51\/revisions"}],"predecessor-version":[{"id":195,"href":"https:\/\/project.inria.fr\/reset\/wp-json\/wp\/v2\/pages\/51\/revisions\/195"}],"wp:attachment":[{"href":"https:\/\/project.inria.fr\/reset\/wp-json\/wp\/v2\/media?parent=51"}],"curies":[{"name":"wp","href":"https:\/\/api.w.org\/{rel}","templated":true}]}}