

{"id":68,"date":"2015-06-29T12:32:20","date_gmt":"2015-06-29T10:32:20","guid":{"rendered":"https:\/\/project.inria.fr\/sanp\/?page_id=68"},"modified":"2015-10-30T15:18:57","modified_gmt":"2015-10-30T14:18:57","slug":"programm","status":"publish","type":"page","link":"https:\/\/project.inria.fr\/sanp\/programm\/","title":{"rendered":"Program"},"content":{"rendered":"<pre><strong>Thursday September 24th<\/strong>\r\n\r\n 09:00-09:40 Stanislav Molchanov\r\n 09:45-10:25 Thierry Bodineau\r\n \r\n 11:00-11:40 Jean Fran\u00e7ois Jabir\r\n 11:45-12:25 Christophe Profeta\r\n\r\n 14:00-14:40 Vlad Bally\r\n 14:45-15:30 Antoine Lejay\r\n \r\n 16:00-16:40 Gilles Pag\u00e8s\r\n 16:45-17:25 Patrick Cattiaux\r\n----------------------------------\r\n <strong>Friday September 25th<\/strong>\r\n\r\n 09:00-09:40 Fabien Panloup\r\n 09:45-10:25 Enrico Piola\r\n \r\n 11:00-11:40 Ugo Boscain\r\n 11:45-12:25 Djalil Chafai\r\n\r\n 14:00-14:40 Fran\u00e7ois Delarue\r\n 14:45-15:30 St\u00e9phane Menozzi\r\n\r\n-----------------------------------<\/pre>\n<p>Vlad Bally (Universit\u00e9 Paris-Est, Marne la Vall\u00e9e)<br \/>\nThierry Bodineau (CMAP, Ecole Polytechnique)<br \/>\nUgo Boscain (CMAP, Ecole Polytechnique)<br \/>\nPatrick Cattiaux (Universit\u00e9 de Toulouse)<br \/>\nDjalil Chafai (Universit\u00e9 Paris-Dauphine)<br \/>\nFran\u00e7ois Delarue (Universit\u00e9 de Nice)<br \/>\nSt\u00e9phane Menozzi(Universit\u00e9 d&#8217;Evry et HSE Moscou<br \/>\nStanislav Molchanov (Universite de Charlotte et HSE Moscou)<br \/>\nGilles Pag\u00e8s (Universit\u00e9 Pierre et Marie Curie)<br \/>\nFabien Panloup (Universit\u00e9 de Toulouse)<br \/>\nEnrico Priola (Universit\u00e9 de Turin)<\/p>\n<p><strong>V. Bally<\/strong><\/p>\n<p>&#8220;Approximation of Markov semigroups in total variation distance&#8221; (Vlad Bally and Cl\u00e9ment Rey)<\/p>\n<p>The first goal of this paper is to prove that, regularization properties of a Markov semigroup enable to prove convergence in total variation distance for approximation schemes for the semigroup. Moreover, using an interpolation argument we obtain estimates for the error in distribution sense (at the level of the densities of the semigroup with respect to the Lebesgue measure). In a second step, we build an abstract Malliavin calculus based on a splitting procedure, which turns out to be the suited instrument in order to prove the above mentioned regularization properties. Finally, we use these results in order to estimate the error in total variation distance for the Ninomiya Victoir scheme (which is an approximation scheme, of order 2, for diffusion processes).<\/p>\n<p><strong>T. Bodineau<\/strong><\/p>\n<p>&#8220;Large time asymptotics of small perturbations of a deterministic dynamic of hard spheres\u201d<\/p>\n<p>We consider a tagged particle in a diluted gas of hard spheres. Starting from the hamiltonian dynamics of particles in the Boltzmann-Grad limit, we will show that the tagged particle follows a Brownian motion after an appropriate rescaling. We will also consider a different type of perturbation and relate it to the linearized Boltzmann equation.Joint work with I. Gallagher, L. Saint-Raymond<\/p>\n<p><strong>U.Boscain<\/strong><\/p>\n<p>\u201cHeat-kernels and intrinsic random walks in Riemannian and sub-Riemannian geometry\u201d<\/p>\n<p>On a sub-Riemannian manifold we define two type of Laplacians: the macroscopic Laplacian as the divergence of the horizontal gradient,once a volume is fixed, and the microscopic Laplacian, as the operator associated with a geodesic random walk. We consider a general class of random walks, where all sub-Riemannian geodesics are taken into account.<\/p>\n<p>The main problems are how to choose an intrinsic volume on the manifold to define the macroscopic Laplacian and how to define a \u201cuniform\u201d probability measure on the set of geodesics starting from a point.<\/p>\n<p><strong>P. Cattiaux<\/strong><\/p>\n<p>&#8220;Non parametric estimation for hypoelliptic kinetic SDE&#8221;<\/p>\n<p><strong>D. Chafai<\/strong><\/p>\n<p>&#8220;Autour des gaz de Coulomb&#8221;<\/p>\n<p>Cet expos\u00e9 est centr\u00e9 autour des gaz de Coulomb, notamment en liaison avec des mod\u00e8les de matrices al\u00e9atoires. Il est con\u00e7u pour \u00eatre accessible.<\/p>\n<p><strong>J-F Jabir<\/strong><\/p>\n<p><em>&#8220;Diffusion processes with conditioned distributions<\/em>&#8221;<\/p>\n<p>The subject of this talk concerns the construction of diffusion processes whose time marginal distributions are submitted to satisfy some constraint. After a short presentation of this type of processes and some examples appearing in the literature, I will expose a particular study focused on\u00a0 time marginal constraints and on its construction by means of penalized approximations. This work is supported by the Chilean Fondecyt Iniciacion project N\u00ba11130705.<\/p>\n<p><strong>Antoine Lejay<\/strong><\/p>\n<p>\u00ab\u00a0Estimation du param\u00e8tre d\u2019un mouvement brownien biais\u00e9\u00a0\u00bb<\/p>\n<p>Le mouvement brownien biais\u00e9 est maintenant reconnu comme un processus stochastique important en mod\u00e9lisation et simulation de diffusion dans des milieux pr\u00e9sentant des interfaces. Nous traiterons dans cet expos\u00e9 du probl\u00e8me de l&#8217;estimation param\u00e9trique du param\u00e8tre de biais qui r\u00e9git sa dynamique. En particulier, nous montrerons que le cadre simplifi\u00e9 des marches al\u00e9atoires biais\u00e9es illustre les particularit\u00e9s de ce probl\u00e8me d&#8217;estimation par rapport aux approches classiques d&#8217;estimation des param\u00e8tres d&#8217;\u00e9quationsdiff\u00e9rentielles stochastiques.<\/p>\n<p><strong>S. Menozzi<\/strong><\/p>\n<p>&#8220;Sensitivities of Densities for Diffusions and Markov Chains&#8221;<\/p>\n<p>Applications to the Weak Error Analysis in a context of low regularity.We are interested in studying the sensitivity of diffusion processes or their approximations by Markov Chains with respect to a perturbation of the coefficients. As an application, we give a first order expansion for the difference of the densities of a diffusion with Holder coefficients and its approximation by the Euler scheme. Other extensions will be considered. This is a joint work with V. Konakov and A. Kozhina (HSE, Moscow).<\/p>\n<p><strong>S. Molchanov<\/strong><\/p>\n<p>&#8220;Ergodic states in the population dynamics&#8221;<\/p>\n<p><strong>G. Pag\u00e8s<\/strong><\/p>\n<p>&#8220;Statistical confluence of duplicated diffusions and application to Langevin Monte Carlo&#8221; Joint work with V. Lemaire and F. Panloup.<\/p>\n<p>We address the following question: given an ergodic Brownian diffusion with a unique invariant distribution, what are the invariant distributions of the duplicated system consisting of two trajectories starting from two different points? We mainly focus on the interesting case where the two trajectories are driven by the same Brownian path. In that framework, we first show that uniqueness of the invariant distribution (weak confluence) of the duplicated system is essentially always true in the one-dimensional case. In the multidimensional case, after exhibiting explicit counter-examples, we provide a series of criterions (of integral type) hich ensure the a.s. and the statistical confluence criterions and also of \\textit{a.s. pathwise confluence}. We finally establish that the weak confluence property is connected with an optimal transport problem whose cost function is a non-infinitesimal Lyapunov exponent involving the drift and the diffusion coefficient. We apply our criterions to some\u00a0\u00a0 classes of gradient systems with non-convex potentials or diffusions where the confluence is generated by the diffusive component.\u00a0\u00a0 As a main application, we apply our results to the optimization of the Richardson-Romberg extrapolation for the numerical approximation by Langevin Monte Carlo of the invariant measure of an ergodic Brownian diffusion<\/p>\n<p><strong>F. Panloup<\/strong><\/p>\n<p>&#8220;On the rate of convergence to equilibrium for fractional SDEs&#8221;<\/p>\n<p>We investigate the problem of the rate of convergence to equilibrium for ergodic stochastic differential equations driven by fractional Brownian motion with multiplicative noise component $sigma$. When $sigma$ is constant , it was proved by Hairer that, under some mean reverting assumptions, such a process converges to its equilibrium with a fractional rate (depending on $H$). In this talk, I will focus on some recent extensions to the multiplicative case when $H&gt;1\/2$ and in the rougher setting $Hin(1\/3,1\/2)$. We will particularly insist on the Lyapunov strategy and on the coupling methods developed in this non-Markovian setting. This presentation is based on some collaborations with A. Deya, J. Fontbona and S. Tindel.<\/p>\n<p><strong>E. Priola<\/strong><\/p>\n<p>&#8220;Some uniqueness results for SDEs with jumps and Holder continuous drift term&#8221;<\/p>\n<p>We present some recent uniqueness results on additive stochastic differential equations with jumps and Holder continuous and bounded drift term. We concentrate especially on SDEs driven by non-degenerate $\\alpha$-stable type Levy preocesses.<\/p>\n<pre><\/pre>\n","protected":false},"excerpt":{"rendered":"<p>Thursday September 24th 09:00-09:40 Stanislav Molchanov 09:45-10:25 Thierry Bodineau 11:00-11:40 Jean Fran\u00e7ois Jabir 11:45-12:25 Christophe Profeta 14:00-14:40 Vlad Bally 14:45-15:30 Antoine Lejay 16:00-16:40 Gilles Pag\u00e8s 16:45-17:25 Patrick Cattiaux &#8212;&#8212;&#8212;&#8212;&#8212;&#8212;&#8212;&#8212;&#8212;&#8212;&#8212;- Friday September 25th 09:00-09:40 Fabien Panloup 09:45-10:25 Enrico Piola 11:00-11:40 Ugo Boscain 11:45-12:25 Djalil Chafai 14:00-14:40 Fran\u00e7ois Delarue 14:45-15:30 St\u00e9phane Menozzi &#8212;&#8212;&#8212;&#8212;&#8212;&#8212;&#8212;&#8212;&#8212;&#8212;&#8212;&#8211; Vlad Bally (Universit\u00e9 Paris-Est, &hellip; <\/p>\n<p><a class=\"more-link btn\" href=\"https:\/\/project.inria.fr\/sanp\/programm\/\">Continue reading<\/a><\/p>\n","protected":false},"author":761,"featured_media":0,"parent":0,"menu_order":0,"comment_status":"closed","ping_status":"closed","template":"","meta":{"footnotes":""},"class_list":["post-68","page","type-page","status-publish","hentry","nodate","item-wrap"],"_links":{"self":[{"href":"https:\/\/project.inria.fr\/sanp\/wp-json\/wp\/v2\/pages\/68","targetHints":{"allow":["GET"]}}],"collection":[{"href":"https:\/\/project.inria.fr\/sanp\/wp-json\/wp\/v2\/pages"}],"about":[{"href":"https:\/\/project.inria.fr\/sanp\/wp-json\/wp\/v2\/types\/page"}],"author":[{"embeddable":true,"href":"https:\/\/project.inria.fr\/sanp\/wp-json\/wp\/v2\/users\/761"}],"replies":[{"embeddable":true,"href":"https:\/\/project.inria.fr\/sanp\/wp-json\/wp\/v2\/comments?post=68"}],"version-history":[{"count":33,"href":"https:\/\/project.inria.fr\/sanp\/wp-json\/wp\/v2\/pages\/68\/revisions"}],"predecessor-version":[{"id":175,"href":"https:\/\/project.inria.fr\/sanp\/wp-json\/wp\/v2\/pages\/68\/revisions\/175"}],"wp:attachment":[{"href":"https:\/\/project.inria.fr\/sanp\/wp-json\/wp\/v2\/media?parent=68"}],"curies":[{"name":"wp","href":"https:\/\/api.w.org\/{rel}","templated":true}]}}