

{"id":4,"date":"2011-12-08T11:55:34","date_gmt":"2011-12-08T11:55:34","guid":{"rendered":"http:\/\/project.inria.fr\/template1\/?page_id=4"},"modified":"2020-11-30T14:48:06","modified_gmt":"2020-11-30T13:48:06","slug":"home","status":"publish","type":"page","link":"https:\/\/project.inria.fr\/saturnin\/","title":{"rendered":"Saturnin"},"content":{"rendered":"<p>Saturnin is a block cipher and a suite of modes (authenticated encryption, authenticated encryption with associated data, hashing) designed to achieve robustness, lightness, and post-quantum security.<\/p>\n<p>The design is one of the candidates of the <a href=\"https:\/\/csrc.nist.gov\/Projects\/Lightweight-Cryptography\">NIST standardization process for lightweight cryptography,<\/a> now in the <a href=\"https:\/\/csrc.nist.gov\/Projects\/lightweight-cryptography\/round-2-candidates\">second round<\/a>. It has also been published in a special issue of Transactions on Symmetric Cryptology (ToSC) and presented at the FSE 2020 conference (the <a href=\"https:\/\/www.youtube.com\/watch?v=K52ELQXTil0\">video<\/a> of the presentation is available).<\/p>\n<p>The specification is available <a href=\"https:\/\/project.inria.fr\/saturnin\/files\/2019\/05\/SATURNIN-spec.pdf\">here<\/a> and the package (specification and various implementations) <a href=\"https:\/\/project.inria.fr\/saturnin\/files\/2019\/05\/saturnin.zip\">here<\/a>. The ToSC publication can be accessed <a href=\"https:\/\/tosc.iacr.org\/index.php\/ToSC\/article\/view\/8621\">here<\/a>. In addition, the second-round update of the specification can be found <a href=\"https:\/\/csrc.nist.gov\/CSRC\/media\/Projects\/lightweight-cryptography\/documents\/round-2\/status-update-sep2020\/Saturnin_update.pdf\">here<\/a>.<\/p>\n<p>&nbsp;<\/p>\n<h4>Authors<\/h4>\n<p>The authors of Saturnin are : Anne Canteaut (Inria, France), S\u00e9bastien Duval (UCL Crypto Group, Belgium), Ga\u00ebtan Leurent (Inria, France), Mar\u00eda Naya-Plasencia (Inria, France), L\u00e9o Perrin (Inria, France), Thomas Pornin (NCC Group, Canada), Andr\u00e9 Schrottenloher (Inria, France).<\/p>\n<p>&nbsp;<\/p>\n<h4>Cryptanalysis challenge<\/h4>\n<p>We welcome third-party contributions on the related-key cryptanalysis of Saturnin. Prizes will be awarded to the best contributions (more on <a href=\"https:\/\/project.inria.fr\/saturnin\/challenge\">this page<\/a>).<\/p>\n<p>&nbsp;<\/p>\n<p>&nbsp;<\/p>\n<p><a href=\"https:\/\/project.inria.fr\/saturnin\/files\/2019\/03\/canard.png\"><img loading=\"lazy\" decoding=\"async\" class=\"alignnone size-medium wp-image-73\" src=\"https:\/\/project.inria.fr\/saturnin\/files\/2019\/03\/canard-200x300.png\" alt=\"\" width=\"200\" height=\"300\" srcset=\"https:\/\/project.inria.fr\/saturnin\/files\/2019\/03\/canard-200x300.png 200w, https:\/\/project.inria.fr\/saturnin\/files\/2019\/03\/canard-100x150.png 100w, https:\/\/project.inria.fr\/saturnin\/files\/2019\/03\/canard.png 600w\" sizes=\"auto, (max-width: 200px) 100vw, 200px\" \/><\/a><\/p>\n<p>(Credit: Fir0002\/Flagstaffotos)<\/p>","protected":false},"excerpt":{"rendered":"<p>Saturnin is a block cipher and a suite of modes (authenticated encryption, authenticated encryption with associated data, hashing) designed to achieve robustness, lightness, and post-quantum security. The design is one of the candidates of the NIST standardization process for lightweight cryptography, now in the second round. It has also been\u2026<\/p>\n<p> <a class=\"continue-reading-link\" href=\"https:\/\/project.inria.fr\/saturnin\/\"><span>Continue reading<\/span><i class=\"crycon-right-dir\"><\/i><\/a> <\/p>\n","protected":false},"author":1,"featured_media":0,"parent":0,"menu_order":0,"comment_status":"closed","ping_status":"open","template":"","meta":{"footnotes":""},"class_list":["post-4","page","type-page","status-publish","hentry"],"_links":{"self":[{"href":"https:\/\/project.inria.fr\/saturnin\/wp-json\/wp\/v2\/pages\/4","targetHints":{"allow":["GET"]}}],"collection":[{"href":"https:\/\/project.inria.fr\/saturnin\/wp-json\/wp\/v2\/pages"}],"about":[{"href":"https:\/\/project.inria.fr\/saturnin\/wp-json\/wp\/v2\/types\/page"}],"author":[{"embeddable":true,"href":"https:\/\/project.inria.fr\/saturnin\/wp-json\/wp\/v2\/users\/1"}],"replies":[{"embeddable":true,"href":"https:\/\/project.inria.fr\/saturnin\/wp-json\/wp\/v2\/comments?post=4"}],"version-history":[{"count":18,"href":"https:\/\/project.inria.fr\/saturnin\/wp-json\/wp\/v2\/pages\/4\/revisions"}],"predecessor-version":[{"id":152,"href":"https:\/\/project.inria.fr\/saturnin\/wp-json\/wp\/v2\/pages\/4\/revisions\/152"}],"wp:attachment":[{"href":"https:\/\/project.inria.fr\/saturnin\/wp-json\/wp\/v2\/media?parent=4"}],"curies":[{"name":"wp","href":"https:\/\/api.w.org\/{rel}","templated":true}]}}