

{"id":108,"date":"2019-04-17T16:41:00","date_gmt":"2019-04-17T14:41:00","guid":{"rendered":"https:\/\/project.inria.fr\/sfc2019\/?page_id=108"},"modified":"2019-08-29T13:53:15","modified_gmt":"2019-08-29T11:53:15","slug":"evenements","status":"publish","type":"page","link":"https:\/\/project.inria.fr\/sfc2019\/evenements\/","title":{"rendered":"\u00c9v\u00e8nements"},"content":{"rendered":"<h4>Mardi 3 septembre:<\/h4>\n<ul>\n<li>R\u00e9ception de bienvenue \u00e0 <a href=\"https:\/\/www.inist.fr\/\">l&rsquo;Inist<\/a> \u00e0 17 h<\/li>\n<\/ul>\n<h4>Mercredi 4 septembre :<\/h4>\n<ul>\n<li>Visite p\u00e9destre guid\u00e9e du centre historique de Nancy \u00e0 18 h : rendez-vous \u00e0 l&rsquo;office du tourisme de Nancy, place Stanislas<\/li>\n<li>D\u00eener de gala \u00e0 la <a href=\"http:\/\/maisondemyon.com\/\">Maison de Myon<\/a> \u00e0 20 h<\/li>\n<\/ul>\n","protected":false},"excerpt":{"rendered":"<p>Mardi 3 septembre: R\u00e9ception de bienvenue \u00e0 l&rsquo;Inist \u00e0 17 h Mercredi 4 septembre : Visite p\u00e9destre guid\u00e9e du centre historique de Nancy \u00e0 18 h : rendez-vous \u00e0 l&rsquo;office du tourisme de Nancy, place Stanislas D\u00eener de gala \u00e0 la Maison de Myon \u00e0 20 h<\/p>\n<p> <a class=\"continue-reading-link\" href=\"https:\/\/project.inria.fr\/sfc2019\/evenements\/\"><span>Continue reading<\/span><i class=\"crycon-right-dir\"><\/i><\/a> <\/p>\n","protected":false},"author":1191,"featured_media":0,"parent":0,"menu_order":0,"comment_status":"closed","ping_status":"closed","template":"","meta":{"footnotes":""},"class_list":["post-108","page","type-page","status-publish","hentry"],"_links":{"self":[{"href":"https:\/\/project.inria.fr\/sfc2019\/wp-json\/wp\/v2\/pages\/108","targetHints":{"allow":["GET"]}}],"collection":[{"href":"https:\/\/project.inria.fr\/sfc2019\/wp-json\/wp\/v2\/pages"}],"about":[{"href":"https:\/\/project.inria.fr\/sfc2019\/wp-json\/wp\/v2\/types\/page"}],"author":[{"embeddable":true,"href":"https:\/\/project.inria.fr\/sfc2019\/wp-json\/wp\/v2\/users\/1191"}],"replies":[{"embeddable":true,"href":"https:\/\/project.inria.fr\/sfc2019\/wp-json\/wp\/v2\/comments?post=108"}],"version-history":[{"count":9,"href":"https:\/\/project.inria.fr\/sfc2019\/wp-json\/wp\/v2\/pages\/108\/revisions"}],"predecessor-version":[{"id":225,"href":"https:\/\/project.inria.fr\/sfc2019\/wp-json\/wp\/v2\/pages\/108\/revisions\/225"}],"wp:attachment":[{"href":"https:\/\/project.inria.fr\/sfc2019\/wp-json\/wp\/v2\/media?parent=108"}],"curies":[{"name":"wp","href":"https:\/\/api.w.org\/{rel}","templated":true}]}}

Évènements

<h4>Mardi 3 septembre:</h4>
<ul>
<li>Réception de bienvenue à <a href="https://www.inist.fr/">l&rsquo;Inist</a> à 17 h</li>
</ul>
<h4>Mercredi 4 septembre :</h4>
<ul>
<li>Visite pédestre guidée du centre historique de Nancy à 18 h : rendez-vous à l&rsquo;office du tourisme de Nancy, place Stanislas</li>
<li>Dîner de gala à la <a href="http://maisondemyon.com/">Maison de Myon</a> à 20 h</li>
</ul>

<p>Mardi 3 septembre: Réception de bienvenue à l&rsquo;Inist à 17 h Mercredi 4 septembre : Visite pédestre guidée du centre historique de Nancy à 18 h : rendez-vous à l&rsquo;office du tourisme de Nancy, place Stanislas Dîner de gala à la Maison de Myon à 20 h</p>
<p> <a class="continue-reading-link" href="https://project.inria.fr/sfc2019/evenements/"><span>Continue reading</span><i class="crycon-right-dir"></i></a> </p>
