

{"id":74,"date":"2023-09-13T14:49:53","date_gmt":"2023-09-13T12:49:53","guid":{"rendered":"https:\/\/project.inria.fr\/signtokids\/?page_id=74"},"modified":"2024-04-17T16:31:58","modified_gmt":"2024-04-17T14:31:58","slug":"about-the-project","status":"publish","type":"page","link":"https:\/\/project.inria.fr\/signtokids\/fsl\/about-the-project\/","title":{"rendered":"(Fran\u00e7ais) R\u00e9sum\u00e9"},"content":{"rendered":"<p class=\"qtranxs-available-languages-message qtranxs-available-languages-message-fsl\">Ce post n'est pas encore disponible en LSF<\/p>","protected":false},"excerpt":{"rendered":"<p>Ce post n&#8217;est pas encore disponible en LSF<\/p>\n<p> <a class=\"continue-reading-link\" href=\"https:\/\/project.inria.fr\/signtokids\/fsl\/about-the-project\/\"><span>Continue reading<\/span><i class=\"crycon-right-dir\"><\/i><\/a> <\/p>\n","protected":false},"author":2366,"featured_media":0,"parent":0,"menu_order":0,"comment_status":"closed","ping_status":"closed","template":"","meta":{"footnotes":""},"class_list":["post-74","page","type-page","status-publish","hentry"],"_links":{"self":[{"href":"https:\/\/project.inria.fr\/signtokids\/fsl\/wp-json\/wp\/v2\/pages\/74","targetHints":{"allow":["GET"]}}],"collection":[{"href":"https:\/\/project.inria.fr\/signtokids\/fsl\/wp-json\/wp\/v2\/pages"}],"about":[{"href":"https:\/\/project.inria.fr\/signtokids\/fsl\/wp-json\/wp\/v2\/types\/page"}],"author":[{"embeddable":true,"href":"https:\/\/project.inria.fr\/signtokids\/fsl\/wp-json\/wp\/v2\/users\/2366"}],"replies":[{"embeddable":true,"href":"https:\/\/project.inria.fr\/signtokids\/fsl\/wp-json\/wp\/v2\/comments?post=74"}],"version-history":[{"count":6,"href":"https:\/\/project.inria.fr\/signtokids\/fsl\/wp-json\/wp\/v2\/pages\/74\/revisions"}],"predecessor-version":[{"id":335,"href":"https:\/\/project.inria.fr\/signtokids\/fsl\/wp-json\/wp\/v2\/pages\/74\/revisions\/335"}],"wp:attachment":[{"href":"https:\/\/project.inria.fr\/signtokids\/fsl\/wp-json\/wp\/v2\/media?parent=74"}],"curies":[{"name":"wp","href":"https:\/\/api.w.org\/{rel}","templated":true}]}}