

{"id":66,"date":"2019-06-20T14:50:59","date_gmt":"2019-06-20T12:50:59","guid":{"rendered":"https:\/\/project.inria.fr\/sunset\/?page_id=66"},"modified":"2022-01-14T14:03:55","modified_gmt":"2022-01-14T13:03:55","slug":"publications","status":"publish","type":"page","link":"https:\/\/project.inria.fr\/sunset\/publications\/","title":{"rendered":"Publications"},"content":{"rendered":"<p><strong>Articles publi\u00e9s dans des revues internationales \u00e0 comit\u00e9 de lecture<\/strong><\/p>\n<ul>\n<li>\n<p class=\"p1\">Bracq MS, Michinov E, Le Duff M, Arnaldi B, Gouranton V, Jannin P. Training situational awareness for scrub nurses: Error recognition in a virtual operating room. Nurse Educ Pract. 2021;53:103056.<\/p>\n<\/li>\n<li>\n<p class=\"p1\">Bracq MS, Michinov E, Le Duff M, Arnaldi B, Gouranton V, Jannin P. &#8220;Doctor, please&#8221;: Educating Nurses to Speak Up With Interactive Digital Simulation Tablets. Clin Simul Nurs. 2021;54:97-104.<\/p>\n<\/li>\n<li>\n<p class=\"p1\">Bracq, M.S.,\u00a0Michinov, E., Arnaldi, B., Caillaud, B., Gibaud, B., Gouranton, V., &amp; Jannin, P. (2019). Learning procedural skills with a virtual reality simulator: an acceptability study.\u00a0<em>Nurse Education Today, 79,<\/em>\u00a0153-160 <a href=\"https:\/\/doi.org\/10.1016\/j.nedt.2019.05.026\">https:\/\/doi.org\/10.1016\/j.nedt.2019.05.026<\/a><\/p>\n<\/li>\n<li>Bracq, M.-S., Michinov, E., &amp; Jannin, P. (2019). Virtual reality simulation in nontechnical skills training for healthcare professionals: A systematic review. <em>Simulation in Healthcare<\/em>, <em>14<\/em>(3), 188\u2013194. <a href=\"https:\/\/doi.org\/doi:%2010.1097\/SIH.0000000000000347\">https:\/\/doi.org\/doi: 10.1097\/SIH.0000000000000347<\/a><\/li>\n<\/ul>\n<p><strong>Proceedings<\/strong><\/p>\n<ul>\n<li><strong>\u00a0<\/strong>Bracq, M.S., Le Duff, M., Michinov, E., Arnaldi, B., Gouranton, V., Descamps, J., &amp; Jannin, P. (2019). <em>Training situation awareness through error recognition in an immersive virtual operating room<\/em>. In Jean-Claude Granry, Marc-Antoine Custaud, Janiece Roche (Eds.), <em>International conference for multi-area simulation ICMASim 2019 (pp. 208-216). <\/em>Frontiers Abstract.<em>DOI: 10.3389\/978-2-88963-088-2<\/em><\/li>\n<\/ul>\n<p><strong>Communications orales en langue anglaise dans des colloques internationaux<\/strong><\/p>\n<ul>\n<li>Bracq, M.S., Le Duff, M., Michinov, E., Arnaldi, B., Gouranton, V., Descamps, J., &amp; Jannin, P. (2019). <em>Training situation awareness through error recognition in an immersive virtual operating room<\/em>. Communication orale \u00e0 l\u2019<em>International conference for multi-area simulation ICMASim 2019. Angers, France, 7-9 Octobre.<\/em><\/li>\n<li>Bracq, M.S., Le Duff, M., Michinov, E., Arnaldi, B., Gouranton, V., Descamps, J., Jannin, J. (2019). Situation awareness in the \u201cVirtual Operating Room with Errors\u201d: a pilot study. Communication orale <em>6th SURGETICA Conference, Couvent des Jacobins, <\/em>Rennes, France, 17-18 Juin.<\/li>\n<li>Flavien L\u00e9cuyer, Val\u00e9rie Gouranton, Adrien Reuzeau, Ronan gaugne, Bruno Arnaldi. Authoring AR Interaction by AR}}, ICAT-EGVE 2019 &#8211; International Conference on Artificial Reality and Telexistence &#8211; Eurographics Symposium on Virtual Environments, Tokyo, Japan}, pp 1-8, 2019\u00a0<a href=\"https:\/\/hal.inria.fr\/hal-02272930\">https:\/\/hal.inria.fr\/hal-02272930<\/a><\/li>\n<li><label>Flavien L\u00e9cuyer, Val\u00e9rie Gouranton, Adrien Reuzeau, Ronan Gaugne, Bruno Arnaldi: <\/label> <a href=\"https:\/\/hal.archives-ouvertes.fr\/hal-02119288\"> Create by doing &#8211; Action sequencing in VR <\/a> <label> Computer Graphics International <\/label> <label> : 2019<\/label><\/li>\n<\/ul>\n<p><strong>Poster en langue anglaise dans des colloques internationaux<\/strong><\/p>\n<ul>\n<li>Bracq, M.S., Michinov, E., Arnaldi, B., Audinot, A. Caillaud, B., Gibaud, B., Gouranton, V., Henaux, P.L., Lamercerie, A., Nogues B., &amp; Jannin, P. (2019). Modeling, Simulation and Training Procedural Skills: User experience and acceptability of a virtual reality simulator for scrub nurses in neurosurgery. Proceedings International Meeting on Simulation in Healthcare (IMSH) 2019 \u2013 San Antonio, TX. 26-30 Janvier 2019. doi: 10.13140\/RG.2.2.28271.69281<\/li>\n<\/ul>\n<p><strong>Conf\u00e9rence invit\u00e9e dans Journ\u00e9e d\u2019\u00e9tudes<\/strong><\/p>\n<ul>\n<li>Bracq, M.S., Michinov, E., &amp; Jannin, P. (2018). <em>Evaluation et d\u00e9veloppement des comp\u00e9tences non-techniques des infirmi\u00e8res de bloc op\u00e9ratoire par la simulation en r\u00e9alit\u00e9 virtuelle<\/em>. Pr\u00e9sentation orale \u00e0 la Journ\u00e9e d\u2019\u00e9tude de la Plateforme Loustic : \u00ab\u00a0Technologies \u00e9ducatives et formation\u00a0\u00bb. Rennes, 15 novembre.<\/li>\n<\/ul>\n<p><strong>Th\u00e8ses<\/strong><\/p>\n<ul>\n<li>Bracq, M.S. (2020). Evaluation des comp\u00e9tences non-techniques des infirmi\u00e8res de bloc op\u00e9ratoire dans un environnement d\u2019apprentissage virtuel et collaboratif. Th\u00e8se non publi\u00e9e. Universit\u00e9 de Rennes 2. Directrice: Estelle Michinov, Co-Directeur\u00a0: Pierre Jannin.<\/li>\n<\/ul>\n","protected":false},"excerpt":{"rendered":"<p>Articles publi\u00e9s dans des revues internationales \u00e0 comit\u00e9 de lecture Bracq MS, Michinov E, Le Duff M, Arnaldi B, Gouranton V, Jannin P. Training situational\u2026<\/p>\n<p> <a class=\"continue-reading-link\" href=\"https:\/\/project.inria.fr\/sunset\/publications\/\"><span>Continue reading<\/span><i class=\"crycon-right-dir\"><\/i><\/a> <\/p>\n","protected":false},"author":1611,"featured_media":0,"parent":0,"menu_order":0,"comment_status":"closed","ping_status":"closed","template":"","meta":{"footnotes":""},"class_list":["post-66","page","type-page","status-publish","hentry"],"_links":{"self":[{"href":"https:\/\/project.inria.fr\/sunset\/wp-json\/wp\/v2\/pages\/66","targetHints":{"allow":["GET"]}}],"collection":[{"href":"https:\/\/project.inria.fr\/sunset\/wp-json\/wp\/v2\/pages"}],"about":[{"href":"https:\/\/project.inria.fr\/sunset\/wp-json\/wp\/v2\/types\/page"}],"author":[{"embeddable":true,"href":"https:\/\/project.inria.fr\/sunset\/wp-json\/wp\/v2\/users\/1611"}],"replies":[{"embeddable":true,"href":"https:\/\/project.inria.fr\/sunset\/wp-json\/wp\/v2\/comments?post=66"}],"version-history":[{"count":6,"href":"https:\/\/project.inria.fr\/sunset\/wp-json\/wp\/v2\/pages\/66\/revisions"}],"predecessor-version":[{"id":116,"href":"https:\/\/project.inria.fr\/sunset\/wp-json\/wp\/v2\/pages\/66\/revisions\/116"}],"wp:attachment":[{"href":"https:\/\/project.inria.fr\/sunset\/wp-json\/wp\/v2\/media?parent=66"}],"curies":[{"name":"wp","href":"https:\/\/api.w.org\/{rel}","templated":true}]}}