

{"id":158,"date":"2024-07-16T03:56:43","date_gmt":"2024-07-16T01:56:43","guid":{"rendered":"https:\/\/project.inria.fr\/swam\/?page_id=158"},"modified":"2024-12-08T20:41:00","modified_gmt":"2024-12-08T19:41:00","slug":"researchers","status":"publish","type":"page","link":"https:\/\/project.inria.fr\/swam\/researchers\/","title":{"rendered":"Contact"},"content":{"rendered":"\n<h2 class=\"has-white-color has-text-color has-background wp-block-heading\" \n    style=\"background-color:#484848; font-style:normal; font-weight:900; padding:5px 10px;\">\n    In France\n<\/h2>\n\n\n\n<div class=\"wp-block-group\"><div class=\"wp-block-group__inner-container is-layout-flow wp-block-group-is-layout-flow\">\n<div class=\"wp-block-group\"><div class=\"wp-block-group__inner-container is-layout-flow wp-block-group-is-layout-flow\">\n<p class=\"has-medium-font-size\"><a rel=\"noreferrer noopener\" href=\"http:\/\/www-sop.inria.fr\/members\/Mireille.Bossy\/\" target=\"_blank\">Mireille Bossy<\/a>, Team Calisto.<\/p>\n\n\n\n<p>Inria Centre at Universit\u00e9 C\u00f4te d\u2019Azur, Team Calisto.<\/p>\n<\/div><\/div>\n\n\n\n<p>Sophia Antipolis.<\/p>\n<\/div><\/div>\n\n\n\n<h2 class=\"has-white-color has-text-color has-background\" \n    style=\"background-color:#484848; font-style:normal; font-weight:700; padding:5px 10px;\">\n    In Chile\n<\/h2>\n\n\n\n<div class=\"wp-block-group\"><div class=\"wp-block-group__inner-container is-layout-flow wp-block-group-is-layout-flow\">\n<p class=\"has-medium-font-size\"><a href=\"https:\/\/postgrado.udec.cl\/programas\/academico\/202400108327\">Kerlyns Mart\u00ednez<\/a>, Mathematical Engineering Department.<\/p>\n\n\n\n<p>University of Concepci\u00f3n. Concepci\u00f3n, Chile.<\/p>\n<\/div><\/div>\n\n\n\n<p><\/p>\n\n\n\n<div class=\"wp-block-group\"><div class=\"wp-block-group__inner-container is-layout-flow wp-block-group-is-layout-flow\">\n<p class=\"has-medium-font-size\"><a href=\"https:\/\/ingemat.uv.cl\/instituto\/academicos?view=article&amp;id=24&amp;catid=10\">H\u00e9ctor Olivero<\/a>, Mathematical Engineering Department.<\/p>\n\n\n\n<p>University of Valpara\u00edso. Valpara\u00edso, Chile.<\/p>\n<\/div><\/div>\n\n\n\n<p><br><\/p>\n\n\n\n<p><\/p>\n\n\n\n<p><\/p>\n","protected":false},"excerpt":{"rendered":"<p>In France Mireille Bossy, Team Calisto. Inria Centre at Universit\u00e9 C\u00f4te d\u2019Azur, Team Calisto. Sophia Antipolis. In Chile Kerlyns Mart\u00ednez, Mathematical Engineering Department. University of Concepci\u00f3n. Concepci\u00f3n, Chile. H\u00e9ctor Olivero, Mathematical Engineering Department. University of Valpara\u00edso. Valpara\u00edso, Chile.<\/p>\n<p> <a class=\"continue-reading-link\" href=\"https:\/\/project.inria.fr\/swam\/researchers\/\"><span>Continue reading<\/span><i class=\"crycon-right-dir\"><\/i><\/a> <\/p>\n","protected":false},"author":2485,"featured_media":0,"parent":0,"menu_order":0,"comment_status":"closed","ping_status":"closed","template":"templates\/template-page-with-intro.php","meta":{"footnotes":""},"class_list":["post-158","page","type-page","status-publish","hentry"],"_links":{"self":[{"href":"https:\/\/project.inria.fr\/swam\/wp-json\/wp\/v2\/pages\/158","targetHints":{"allow":["GET"]}}],"collection":[{"href":"https:\/\/project.inria.fr\/swam\/wp-json\/wp\/v2\/pages"}],"about":[{"href":"https:\/\/project.inria.fr\/swam\/wp-json\/wp\/v2\/types\/page"}],"author":[{"embeddable":true,"href":"https:\/\/project.inria.fr\/swam\/wp-json\/wp\/v2\/users\/2485"}],"replies":[{"embeddable":true,"href":"https:\/\/project.inria.fr\/swam\/wp-json\/wp\/v2\/comments?post=158"}],"version-history":[{"count":11,"href":"https:\/\/project.inria.fr\/swam\/wp-json\/wp\/v2\/pages\/158\/revisions"}],"predecessor-version":[{"id":468,"href":"https:\/\/project.inria.fr\/swam\/wp-json\/wp\/v2\/pages\/158\/revisions\/468"}],"wp:attachment":[{"href":"https:\/\/project.inria.fr\/swam\/wp-json\/wp\/v2\/media?parent=158"}],"curies":[{"name":"wp","href":"https:\/\/api.w.org\/{rel}","templated":true}]}}