

{"id":268,"date":"2024-07-24T00:25:25","date_gmt":"2024-07-23T22:25:25","guid":{"rendered":"https:\/\/project.inria.fr\/swam\/?page_id=268"},"modified":"2025-12-04T16:44:01","modified_gmt":"2025-12-04T15:44:01","slug":"events","status":"publish","type":"page","link":"https:\/\/project.inria.fr\/swam\/events\/","title":{"rendered":"Events"},"content":{"rendered":"\n<h2 class=\"wp-block-heading\">2025<\/h2>\n\n\n\n<h4 class=\"wp-block-heading\">SWAM Workshop 2025<\/h4>\n\n\n\n<p><\/p>\n\n\n\n<h4 class=\"wp-block-heading\">Paul Maurer&#8217;s Phd defence<\/h4>\n\n\n\n<div class=\"wp-block-columns is-layout-flex wp-container-core-columns-is-layout-9d6595d7 wp-block-columns-is-layout-flex\">\n<div class=\"wp-block-column is-layout-flow wp-block-column-is-layout-flow\" style=\"flex-basis:33.33%\">\n<figure class=\"wp-block-image size-large\"><img decoding=\"async\" src=\"https:\/\/team.inria.fr\/calisto\/files\/2025\/12\/Soutenance_P_Maurer-768x1024.jpg\" alt=\"\" class=\"wp-image-1549\"\/><\/figure>\n<\/div>\n\n\n\n<div class=\"wp-block-column is-layout-flow wp-block-column-is-layout-flow\" style=\"flex-basis:66.66%\">\n<p class=\"has-text-align-left\">On 14 November 2025, Paul Maurer defended his PhD thesis entitled:<br><em>Analysis and approximations of some stochastic differential equations for non-diffusive phenomena, <\/em><br>before the jury composed of:<\/p>\n\n\n\n<p>Benjamin Jourdain (CERMICS, Reviewer)<br>Antoine Lejay (Inria, IECL, Reviewer)<br>J\u00e9r\u00e9mie Bec (CNRS, Institut de Physique de Nice, Examiner)<br>Antoine Jacquier (Imperial College London, Chair)<br>Nicolas Fournier (LPSM, Sorbonne, Examiner)<br>Radomyra Shevchenko (LJAD, UCA, Examiner)<br>Mireille Bossy (Inria, Thesis Supervisor)<\/p>\n\n\n\n<p>Congratulations Paul !<\/p>\n<\/div>\n<\/div>\n\n\n\n<h4 class=\"wp-block-heading\">Francisco Bernal&#8217;s mathematical engineering defence<\/h4>\n\n\n\n<p>On August 29 of this year, <strong>Francisco Bernal<\/strong> presented his <strong>Mathematical Engineering thesis<\/strong> (memoria): &#8220;<strong>Stochastic modeling of the movement of Chilean abalone and red sea urchin larvae to evaluate the effect of changes in environmental salinity<\/strong>,&#8221; advised by <strong>Kerlyns Martinez<\/strong> and <strong>H\u00e9ctor Olivero<\/strong>. The thesis received the highest grade, and the jury highlighted the statistical analysis performed on the available experimental data. This thesis was developed in collaboration with Patricio Winkler in the context of the associated SWAM team. <\/p>\n\n\n\n<figure class=\"wp-block-image size-large\"><a href=\"https:\/\/project.inria.fr\/swam\/files\/2025\/12\/WhatsApp-Image-2025-12-02-at-13.10.48-1.jpeg\"><img loading=\"lazy\" decoding=\"async\" width=\"1024\" height=\"849\" src=\"https:\/\/project.inria.fr\/swam\/files\/2025\/12\/WhatsApp-Image-2025-12-02-at-13.10.48-1-1024x849.jpeg\" alt=\"\" class=\"wp-image-584\" srcset=\"https:\/\/project.inria.fr\/swam\/files\/2025\/12\/WhatsApp-Image-2025-12-02-at-13.10.48-1-1024x849.jpeg 1024w, https:\/\/project.inria.fr\/swam\/files\/2025\/12\/WhatsApp-Image-2025-12-02-at-13.10.48-1-300x249.jpeg 300w, https:\/\/project.inria.fr\/swam\/files\/2025\/12\/WhatsApp-Image-2025-12-02-at-13.10.48-1-768x637.jpeg 768w, https:\/\/project.inria.fr\/swam\/files\/2025\/12\/WhatsApp-Image-2025-12-02-at-13.10.48-1-150x124.jpeg 150w, https:\/\/project.inria.fr\/swam\/files\/2025\/12\/WhatsApp-Image-2025-12-02-at-13.10.48-1.jpeg 1060w\" sizes=\"auto, (max-width: 1024px) 100vw, 1024px\" \/><\/a><\/figure>\n\n\n\n<h4 class=\"wp-block-heading\">Poster presentation at Ocean Festival <\/h4>\n\n\n\n<p>On May we participate in <a href=\"https:\/\/anneedelamer.nice.fr\/agenda\/festival-des-sciences-ocean\/\">Ocean Festival<\/a> with the poster &#8220;Quantifying the environmental effect of fresh-water production&#8221;.<\/p>\n\n\n\n<figure class=\"wp-block-image size-large\"><a href=\"https:\/\/project.inria.fr\/swam\/files\/2025\/12\/Kelpsalt5_rez-scaled.jpg\"><img loading=\"lazy\" decoding=\"async\" width=\"1024\" height=\"724\" src=\"https:\/\/project.inria.fr\/swam\/files\/2025\/12\/Kelpsalt5_rez-1024x724.jpg\" alt=\"\" class=\"wp-image-583\" srcset=\"https:\/\/project.inria.fr\/swam\/files\/2025\/12\/Kelpsalt5_rez-1024x724.jpg 1024w, https:\/\/project.inria.fr\/swam\/files\/2025\/12\/Kelpsalt5_rez-300x212.jpg 300w, https:\/\/project.inria.fr\/swam\/files\/2025\/12\/Kelpsalt5_rez-768x543.jpg 768w, https:\/\/project.inria.fr\/swam\/files\/2025\/12\/Kelpsalt5_rez-1536x1086.jpg 1536w, https:\/\/project.inria.fr\/swam\/files\/2025\/12\/Kelpsalt5_rez-2048x1449.jpg 2048w, https:\/\/project.inria.fr\/swam\/files\/2025\/12\/Kelpsalt5_rez-150x106.jpg 150w\" sizes=\"auto, (max-width: 1024px) 100vw, 1024px\" \/><\/a><\/figure>\n\n\n\n<h2 class=\"wp-block-heading\">2024<\/h2>\n\n\n\n<p>The first SWAM Workshop in 2024 was hosted by different Chilean institutions, including Universidad Cat\u00f3lica de Chile thorugh the ECIM, Universidad de Valpara\u00edso through the LabOceano and Universidad de Concepci\u00f3n through Departamento de Ingenier\u00eda Matem\u00e1tica. This event brought together a diverse group of SWAM members, including researchers and students, to discuss and explore the latest advancements in the context of the Project and methodologies in their respective fields.<\/p>\n\n\n\n<div class=\"wp-block-columns is-layout-flex wp-container-core-columns-is-layout-9d6595d7 wp-block-columns-is-layout-flex\">\n<div class=\"wp-block-column is-layout-flow wp-block-column-is-layout-flow\">\n<figure class=\"wp-block-image size-large is-style-default\"><a href=\"https:\/\/project.inria.fr\/swam\/files\/2024\/07\/Historia-para-instagram-invitacion-evento-religioso-1.png\"><img loading=\"lazy\" decoding=\"async\" width=\"576\" height=\"1024\" src=\"https:\/\/project.inria.fr\/swam\/files\/2024\/07\/Historia-para-instagram-invitacion-evento-religioso-1-576x1024.png\" alt=\"\" class=\"wp-image-274\" srcset=\"https:\/\/project.inria.fr\/swam\/files\/2024\/07\/Historia-para-instagram-invitacion-evento-religioso-1-576x1024.png 576w, https:\/\/project.inria.fr\/swam\/files\/2024\/07\/Historia-para-instagram-invitacion-evento-religioso-1-169x300.png 169w, https:\/\/project.inria.fr\/swam\/files\/2024\/07\/Historia-para-instagram-invitacion-evento-religioso-1-768x1365.png 768w, https:\/\/project.inria.fr\/swam\/files\/2024\/07\/Historia-para-instagram-invitacion-evento-religioso-1-864x1536.png 864w, https:\/\/project.inria.fr\/swam\/files\/2024\/07\/Historia-para-instagram-invitacion-evento-religioso-1-84x150.png 84w, https:\/\/project.inria.fr\/swam\/files\/2024\/07\/Historia-para-instagram-invitacion-evento-religioso-1.png 1080w\" sizes=\"auto, (max-width: 576px) 100vw, 576px\" \/><\/a><\/figure>\n\n\n\n<p class=\"has-text-align-center\">For more information about this event please contact Professor <a href=\"https:\/\/sites.google.com\/uv.cl\/holivero\" target=\"_blank\" rel=\"noreferrer noopener\">H\u00e9ctor Olivero<\/a><\/p>\n<\/div>\n\n\n\n<div class=\"wp-block-column is-layout-flow wp-block-column-is-layout-flow\">\n<figure class=\"wp-block-image size-large is-style-default\"><a href=\"https:\/\/project.inria.fr\/swam\/files\/2024\/07\/Historia-para-instagram-invitacion-evento-religioso-.png\"><img loading=\"lazy\" decoding=\"async\" width=\"576\" height=\"1024\" src=\"https:\/\/project.inria.fr\/swam\/files\/2024\/07\/Historia-para-instagram-invitacion-evento-religioso--576x1024.png\" alt=\"\" class=\"wp-image-269\" srcset=\"https:\/\/project.inria.fr\/swam\/files\/2024\/07\/Historia-para-instagram-invitacion-evento-religioso--576x1024.png 576w, https:\/\/project.inria.fr\/swam\/files\/2024\/07\/Historia-para-instagram-invitacion-evento-religioso--169x300.png 169w, https:\/\/project.inria.fr\/swam\/files\/2024\/07\/Historia-para-instagram-invitacion-evento-religioso--768x1365.png 768w, https:\/\/project.inria.fr\/swam\/files\/2024\/07\/Historia-para-instagram-invitacion-evento-religioso--864x1536.png 864w, https:\/\/project.inria.fr\/swam\/files\/2024\/07\/Historia-para-instagram-invitacion-evento-religioso--84x150.png 84w, https:\/\/project.inria.fr\/swam\/files\/2024\/07\/Historia-para-instagram-invitacion-evento-religioso-.png 1080w\" sizes=\"auto, (max-width: 576px) 100vw, 576px\" \/><\/a><\/figure>\n\n\n\n<p class=\"has-text-align-center\">For more information about this event please contact Professor <a href=\"https:\/\/postgrado.udec.cl\/programas\/academico\/202400108327\" target=\"_blank\" rel=\"noreferrer noopener\">Kerlyns Mart\u00ednez<\/a><\/p>\n<\/div>\n<\/div>\n\n\n\n<p><\/p>\n\n\n\n<figure class=\"wp-block-image size-large\"><a href=\"https:\/\/project.inria.fr\/swam\/files\/2024\/12\/WhatsApp-Image-2024-10-18-at-12.35.45.jpeg\"><img loading=\"lazy\" decoding=\"async\" width=\"1280\" height=\"720\" src=\"https:\/\/project.inria.fr\/swam\/files\/2024\/12\/WhatsApp-Image-2024-10-18-at-12.35.45-edited.jpeg\" alt=\"\" class=\"wp-image-305\" srcset=\"https:\/\/project.inria.fr\/swam\/files\/2024\/12\/WhatsApp-Image-2024-10-18-at-12.35.45-edited.jpeg 1280w, https:\/\/project.inria.fr\/swam\/files\/2024\/12\/WhatsApp-Image-2024-10-18-at-12.35.45-edited-300x169.jpeg 300w, https:\/\/project.inria.fr\/swam\/files\/2024\/12\/WhatsApp-Image-2024-10-18-at-12.35.45-edited-1024x576.jpeg 1024w, https:\/\/project.inria.fr\/swam\/files\/2024\/12\/WhatsApp-Image-2024-10-18-at-12.35.45-edited-768x432.jpeg 768w, https:\/\/project.inria.fr\/swam\/files\/2024\/12\/WhatsApp-Image-2024-10-18-at-12.35.45-edited-150x84.jpeg 150w\" sizes=\"auto, (max-width: 1280px) 100vw, 1280px\" \/><\/a><figcaption class=\"wp-element-caption\"><a href=\"https:\/\/ecim.bio.puc.cl\/\" data-type=\"URL\" data-id=\"https:\/\/ecim.bio.puc.cl\/\">ECIM<\/a> &#8211; Las Cruces, Valpara\u00edso, Chile.<\/figcaption><\/figure>\n\n\n\n<figure class=\"wp-block-image size-large\"><a href=\"https:\/\/project.inria.fr\/swam\/files\/2024\/12\/WhatsApp-Image-2024-12-05-at-12.48.20.jpeg\"><img loading=\"lazy\" decoding=\"async\" width=\"1280\" height=\"720\" src=\"https:\/\/project.inria.fr\/swam\/files\/2024\/12\/WhatsApp-Image-2024-12-05-at-12.48.20-edited.jpeg\" alt=\"\" class=\"wp-image-308\" srcset=\"https:\/\/project.inria.fr\/swam\/files\/2024\/12\/WhatsApp-Image-2024-12-05-at-12.48.20-edited.jpeg 1280w, https:\/\/project.inria.fr\/swam\/files\/2024\/12\/WhatsApp-Image-2024-12-05-at-12.48.20-edited-300x169.jpeg 300w, https:\/\/project.inria.fr\/swam\/files\/2024\/12\/WhatsApp-Image-2024-12-05-at-12.48.20-edited-1024x576.jpeg 1024w, https:\/\/project.inria.fr\/swam\/files\/2024\/12\/WhatsApp-Image-2024-12-05-at-12.48.20-edited-768x432.jpeg 768w, https:\/\/project.inria.fr\/swam\/files\/2024\/12\/WhatsApp-Image-2024-12-05-at-12.48.20-edited-150x84.jpeg 150w\" sizes=\"auto, (max-width: 1280px) 100vw, 1280px\" \/><\/a><figcaption class=\"wp-element-caption\"><a href=\"https:\/\/ingenieriaoceanica.uv.cl\/laboceano\" data-type=\"URL\" data-id=\"https:\/\/ingenieriaoceanica.uv.cl\/laboceano\">LabOceano<\/a> &#8211; Valpara\u00edso, Chile.<\/figcaption><\/figure>\n\n\n\n<figure class=\"wp-block-image size-large is-resized\"><a href=\"https:\/\/project.inria.fr\/swam\/files\/2024\/12\/WhatsApp-Image-2024-10-25-at-12.52.36-scaled.jpeg\"><img loading=\"lazy\" decoding=\"async\" width=\"1024\" height=\"576\" src=\"https:\/\/project.inria.fr\/swam\/files\/2024\/12\/WhatsApp-Image-2024-10-25-at-12.52.36-1024x576.jpeg\" alt=\"\" class=\"wp-image-306\" style=\"width:1280px;height:720px\" srcset=\"https:\/\/project.inria.fr\/swam\/files\/2024\/12\/WhatsApp-Image-2024-10-25-at-12.52.36-1024x576.jpeg 1024w, https:\/\/project.inria.fr\/swam\/files\/2024\/12\/WhatsApp-Image-2024-10-25-at-12.52.36-300x169.jpeg 300w, https:\/\/project.inria.fr\/swam\/files\/2024\/12\/WhatsApp-Image-2024-10-25-at-12.52.36-768x432.jpeg 768w, https:\/\/project.inria.fr\/swam\/files\/2024\/12\/WhatsApp-Image-2024-10-25-at-12.52.36-1536x864.jpeg 1536w, https:\/\/project.inria.fr\/swam\/files\/2024\/12\/WhatsApp-Image-2024-10-25-at-12.52.36-2048x1152.jpeg 2048w, https:\/\/project.inria.fr\/swam\/files\/2024\/12\/WhatsApp-Image-2024-10-25-at-12.52.36-150x84.jpeg 150w\" sizes=\"auto, (max-width: 1024px) 100vw, 1024px\" \/><\/a><figcaption class=\"wp-element-caption\">Visit to local middle school in Talcahuano, Concepci\u00f3n, Chile. <\/figcaption><\/figure>\n\n\n\n<p><\/p>\n","protected":false},"excerpt":{"rendered":"<p>2025 SWAM Workshop 2025 Paul Maurer&#8217;s Phd defence On 14 November 2025, Paul Maurer defended his PhD thesis entitled:Analysis and approximations of some stochastic differential equations for non-diffusive phenomena, before the jury composed of: Benjamin Jourdain (CERMICS, Reviewer)Antoine Lejay (Inria, IECL, Reviewer)J\u00e9r\u00e9mie Bec (CNRS, Institut de Physique de Nice, Examiner)Antoine\u2026<\/p>\n<p> <a class=\"continue-reading-link\" href=\"https:\/\/project.inria.fr\/swam\/events\/\"><span>Continue reading<\/span><i class=\"crycon-right-dir\"><\/i><\/a> <\/p>\n","protected":false},"author":2485,"featured_media":0,"parent":0,"menu_order":0,"comment_status":"closed","ping_status":"closed","template":"","meta":{"footnotes":""},"class_list":["post-268","page","type-page","status-publish","hentry"],"_links":{"self":[{"href":"https:\/\/project.inria.fr\/swam\/wp-json\/wp\/v2\/pages\/268","targetHints":{"allow":["GET"]}}],"collection":[{"href":"https:\/\/project.inria.fr\/swam\/wp-json\/wp\/v2\/pages"}],"about":[{"href":"https:\/\/project.inria.fr\/swam\/wp-json\/wp\/v2\/types\/page"}],"author":[{"embeddable":true,"href":"https:\/\/project.inria.fr\/swam\/wp-json\/wp\/v2\/users\/2485"}],"replies":[{"embeddable":true,"href":"https:\/\/project.inria.fr\/swam\/wp-json\/wp\/v2\/comments?post=268"}],"version-history":[{"count":10,"href":"https:\/\/project.inria.fr\/swam\/wp-json\/wp\/v2\/pages\/268\/revisions"}],"predecessor-version":[{"id":638,"href":"https:\/\/project.inria.fr\/swam\/wp-json\/wp\/v2\/pages\/268\/revisions\/638"}],"wp:attachment":[{"href":"https:\/\/project.inria.fr\/swam\/wp-json\/wp\/v2\/media?parent=268"}],"curies":[{"name":"wp","href":"https:\/\/api.w.org\/{rel}","templated":true}]}}