

{"id":79,"date":"2018-03-27T16:25:01","date_gmt":"2018-03-27T14:25:01","guid":{"rendered":"https:\/\/project.inria.fr\/synchron2018\/?page_id=79"},"modified":"2018-09-21T11:33:42","modified_gmt":"2018-09-21T09:33:42","slug":"venue","status":"publish","type":"page","link":"https:\/\/project.inria.fr\/synchron2018\/venue\/","title":{"rendered":"Venue"},"content":{"rendered":"<p>The International <strong>Synchron<\/strong> Open Workshop will take place at: CAES CNRS center <a href=\"https:\/\/www.caes.cnrs.fr\/sejours\/la-villa-clythia\/\"><br \/>\nVilla Clythia (site in French)<\/a>,<br \/>\nin the city of Frejus, on the French Riviera.<\/p>\n<p><a href=\"https:\/\/project.inria.fr\/synchron2018\/files\/2018\/03\/a125-50.jpg\"><img loading=\"lazy\" decoding=\"async\" class=\"size-medium wp-image-138 alignright\" src=\"https:\/\/project.inria.fr\/synchron2018\/files\/2018\/03\/a125-50-225x300.jpg\" alt=\"\" width=\"225\" height=\"300\" srcset=\"https:\/\/project.inria.fr\/synchron2018\/files\/2018\/03\/a125-50-225x300.jpg 225w, https:\/\/project.inria.fr\/synchron2018\/files\/2018\/03\/a125-50-113x150.jpg 113w, https:\/\/project.inria.fr\/synchron2018\/files\/2018\/03\/a125-50.jpg 480w\" sizes=\"auto, (max-width: 225px) 100vw, 225px\" \/><\/a><\/p>\n<div>\n<p>CAES CNRS\u00a0<a href=\"https:\/\/www.caes.cnrs.fr\/sejours\/la-villa-clythia\/\">Villa Clythia<\/a>2754, Avenue Henri Giraud<br \/>\n83600 FR\u00c9JUST\u00e9l : (+33)4 94 83 66 06<\/p>\n<p><a href=\"mailto:frejus@caes.cnrs.fr\">frejus@caes.cnrs.fr<\/a>\u00a0&#8211;\u00a0<a href=\"http:\/\/www.caes.cnrs.fr\/\" target=\"_blank\" rel=\"noopener\">www.caes.cnrs.fr<\/a><\/p>\n<\/div>\n<div><i>(GPS: 43\u00b0 26\u2019 42&#8243; N, 6\u00b0 46\u2019 05&#8243; E)<\/i><\/div>\n<p>&nbsp;<\/p>\n<p><strong>How to come to the Villa Clythia<\/strong><\/p>\n<p>To get to the exact adress of the Villa you can take a city bus (line n\u00b03) and stop at &#8220;Villa Clythia&#8221; or book a taxi.<\/p>\n<p>The <strong>local bus<\/strong> n\u00b03 stops by &#8220;Fr\u00e9jus Gare Routi\u00e8re&#8221; and &#8220;Saint Raphael Gare Routi\u00e8re&#8221;.<br \/>\nPlease find the interactive timetable on <a href=\"http:\/\/www.agglobus-cavem.com\/horaires\/?line=3&amp;view=1#horaire\">this website<\/a>.<br \/>\nBus stop &#8220;Saint Rapha\u00ebl gare routi\u00e8re&#8221; (<a href=\"http:\/\/www.labex-cappa.fr\/sites\/default\/files\/files\/gare%20routiere-st-raphael-map.pdf\">map<\/a>) is across the street from the train station &#8220;Saint Rapha\u00ebl&#8221;.<br \/>\nBus stop &#8220;Frejus gare routi\u00e8re&#8221;(<a href=\"http:\/\/www.labex-cappa.fr\/sites\/default\/files\/files\/gare%20routiere%20frejus-map.pdf\">map<\/a>) is <a href=\"https:\/\/www.google.fr\/maps\/dir\/Gare+de+Frejus,+83600+Fr%C3%A9jus\/40+Rue+Gustave+Bret,+83600+Fr%C3%A9jus\/@43.433342,6.7323425,17z\/data=%213m1%214b1%214m14%214m13%211m5%211m1%211s0x12cebd48d1293407:0x10a5ec884badfdf8%212m2%211d6.732861%212d43.432017%211m5%211m1%211s0x12cebd4de6fcf967:0x64af1b7f38c1c27%212m2%211d6.737578%212d43.434894%213e2\">10 minutes walk <\/a>from the train station &#8220;Fr\u00e9jus&#8221;.<br \/>\n<strong>Taxi stations<\/strong> can be found at those 2 &#8220;gares routi\u00e8re&#8221;<\/p>\n<p><strong>Villa Clythia shuttle :<\/strong><br \/>\n<a href=\"https:\/\/project.inria.fr\/synchron2018\/files\/2018\/03\/Clythia-shuttle.jpg\"><img loading=\"lazy\" decoding=\"async\" class=\"wp-image-139 alignleft\" src=\"https:\/\/project.inria.fr\/synchron2018\/files\/2018\/03\/Clythia-shuttle-219x300.jpg\" alt=\"\" width=\"253\" height=\"346\" srcset=\"https:\/\/project.inria.fr\/synchron2018\/files\/2018\/03\/Clythia-shuttle-219x300.jpg 219w, https:\/\/project.inria.fr\/synchron2018\/files\/2018\/03\/Clythia-shuttle-110x150.jpg 110w, https:\/\/project.inria.fr\/synchron2018\/files\/2018\/03\/Clythia-shuttle.jpg 394w\" sizes=\"auto, (max-width: 253px) 100vw, 253px\" \/><\/a><\/p>\n<p>CAES du CNRS<\/p>\n<p>La Villa Clythia<\/p>\n<p>83600\u00a0Fr\u00e9jus<\/p>\n<p>04 94 83 66 06<br \/>\n04 94 95 67 22<\/p>\n<p>frejus@caes.cnrs.fr<\/p>\n<p><strong>\u00a0<\/strong><\/p>\n<p>&nbsp;<\/p>\n<p><strong>How to come to Fr\u00e9jus<\/strong><\/p>\n<p><strong>By train<\/strong><br \/>\nThe nearest train station to the Villa Clythia is Saint Rapha\u00ebl-Valescure (also called &#8220;Saint Rapha\u00ebl&#8221;). Many trains stop by this trainstation.<br \/>\nThe schedule of the trains going from Paris (Gare de Lyon train station) to Fr\u00e9jus (Saint Rapha\u00ebl-Valescure train station), can be found on <a href=\"http:\/\/en.voyages-sncf.com\/en\/train-ticket\">Voyages SNCF website<\/a>.<\/p>\n<p><strong>By plane<\/strong><br \/>\nThe nearest airport is <a href=\"http:\/\/en.nice.aeroport.fr\">Nice airport<\/a>, about 60 kilometers from Fr\u00e9jus. To go from Nice airport to Fr\u00e9jus, you may either take a bus, a train, or a shuttle.<\/p>\n<ul>\n<li><strong>BUS<\/strong><br \/>\nThere are at least two buses routes serving Fr\u00e9jus.<br \/>\nBus 3003 (Nice airport &#8211; Fr\u00e9jus) of the Var Lib bus company takes you from Terminals 1 or 2 to downtown Fr\u00e9jus. <a href=\"http:\/\/www.labex-cappa.fr\/sites\/default\/files\/files\/BUS-3003.pdf\">Download here the timetable.<\/a><br \/>\nRoute 20A (Nice &#8211; Marseilles) of the PACA region takes you from Terminal 1 to downtown Fr\u00e9jus.<\/li>\n<li><strong>REGIONAL TRAIN<\/strong><br \/>\nSaint Augustin train station is within <a href=\"https:\/\/www.google.com\/maps\/d\/viewer?msa=0&amp;mid=zCKpml5qOi9E.kvIIlLAGfm4E\">a ten minute walk from Nice airport<\/a>. <a href=\"http:\/\/www.labex-cappa.fr\/sites\/default\/files\/files\/Airport-Itinerary-St%20Augustin%20V4_2.pdf\">Download here the access map<\/a>.<br \/>\nThe schedule of the trains going from Nice (&#8220;Nice Saint-Augustin A\u00e9roport&#8221; train station) to Fr\u00e9jus (&#8220;Saint Rapha\u00ebl-Valescure&#8221; train station) can be found\u00a0on\u00a0<a href=\"http:\/\/www.voyages-sncf.com\/billet-train\/horaires\">Voyages SNCF website<\/a>.<\/li>\n<li><strong>SHUTTLES<\/strong><br \/>\nShuttles from Nice airport to Fr\u00e9jus are operated by several companies.<br \/>\nFor instance, <a href=\"http:\/\/www.ecoshuttlenetwork.fr\">Eco Shuttle Network<\/a>\u00a0or <a href=\"http:\/\/www.a-t-s.net\">A-T-S.net<\/a>.<\/li>\n<\/ul>\n<p><a href=\"https:\/\/project.inria.fr\/synchron2018\/files\/2018\/03\/la-piscine.jpg\"><img loading=\"lazy\" decoding=\"async\" class=\"alignnone wp-image-140\" src=\"https:\/\/project.inria.fr\/synchron2018\/files\/2018\/03\/la-piscine-300x183.jpg\" alt=\"\" width=\"392\" height=\"239\" srcset=\"https:\/\/project.inria.fr\/synchron2018\/files\/2018\/03\/la-piscine-300x183.jpg 300w, https:\/\/project.inria.fr\/synchron2018\/files\/2018\/03\/la-piscine-150x91.jpg 150w, https:\/\/project.inria.fr\/synchron2018\/files\/2018\/03\/la-piscine.jpg 600w\" sizes=\"auto, (max-width: 392px) 100vw, 392px\" \/><\/a> <a href=\"https:\/\/project.inria.fr\/synchron2018\/files\/2018\/03\/la-terrasse.jpg\"><img loading=\"lazy\" decoding=\"async\" class=\" wp-image-141 alignright\" src=\"https:\/\/project.inria.fr\/synchron2018\/files\/2018\/03\/la-terrasse-300x200.jpg\" alt=\"\" width=\"376\" height=\"250\" srcset=\"https:\/\/project.inria.fr\/synchron2018\/files\/2018\/03\/la-terrasse-300x200.jpg 300w, https:\/\/project.inria.fr\/synchron2018\/files\/2018\/03\/la-terrasse-150x100.jpg 150w, https:\/\/project.inria.fr\/synchron2018\/files\/2018\/03\/la-terrasse.jpg 500w\" sizes=\"auto, (max-width: 376px) 100vw, 376px\" \/><\/a><\/p>","protected":false},"excerpt":{"rendered":"<p>The International Synchron Open Workshop will take place at: CAES CNRS center Villa Clythia (site in French), in the city of Frejus, on the French Riviera. CAES CNRS\u00a0Villa Clythia2754, Avenue Henri Giraud 83600 FR\u00c9JUST\u00e9l : (+33)4 94 83 66 06 frejus@caes.cnrs.fr\u00a0&#8211;\u00a0www.caes.cnrs.fr (GPS: 43\u00b0 26\u2019 42&#8243; N, 6\u00b0 46\u2019 05&#8243; E)\u2026<\/p>\n<p> <a class=\"continue-reading-link\" href=\"https:\/\/project.inria.fr\/synchron2018\/venue\/\"><span>Continue reading<\/span><i class=\"crycon-right-dir\"><\/i><\/a> <\/p>\n","protected":false},"author":866,"featured_media":0,"parent":0,"menu_order":0,"comment_status":"closed","ping_status":"closed","template":"","meta":{"footnotes":""},"class_list":["post-79","page","type-page","status-publish","hentry"],"_links":{"self":[{"href":"https:\/\/project.inria.fr\/synchron2018\/wp-json\/wp\/v2\/pages\/79","targetHints":{"allow":["GET"]}}],"collection":[{"href":"https:\/\/project.inria.fr\/synchron2018\/wp-json\/wp\/v2\/pages"}],"about":[{"href":"https:\/\/project.inria.fr\/synchron2018\/wp-json\/wp\/v2\/types\/page"}],"author":[{"embeddable":true,"href":"https:\/\/project.inria.fr\/synchron2018\/wp-json\/wp\/v2\/users\/866"}],"replies":[{"embeddable":true,"href":"https:\/\/project.inria.fr\/synchron2018\/wp-json\/wp\/v2\/comments?post=79"}],"version-history":[{"count":14,"href":"https:\/\/project.inria.fr\/synchron2018\/wp-json\/wp\/v2\/pages\/79\/revisions"}],"predecessor-version":[{"id":207,"href":"https:\/\/project.inria.fr\/synchron2018\/wp-json\/wp\/v2\/pages\/79\/revisions\/207"}],"wp:attachment":[{"href":"https:\/\/project.inria.fr\/synchron2018\/wp-json\/wp\/v2\/media?parent=79"}],"curies":[{"name":"wp","href":"https:\/\/api.w.org\/{rel}","templated":true}]}}