

{"id":79,"date":"2018-03-27T16:25:01","date_gmt":"2018-03-27T14:25:01","guid":{"rendered":"https:\/\/project.inria.fr\/synchron2018\/?page_id=79"},"modified":"2022-10-25T11:22:49","modified_gmt":"2022-10-25T09:22:49","slug":"venue","status":"publish","type":"page","link":"https:\/\/project.inria.fr\/synchron2022\/venue\/","title":{"rendered":"Venue"},"content":{"rendered":"<p><center><strong>Synchron 2022: November 28th to December 2nd, 2022.<\/strong><\/center><br \/>\nThe International <strong>Synchron<\/strong> Open Workshop will take place in the city of Frejus, on the French Riviera, at:<br \/>\n<a href=\"https:\/\/project.inria.fr\/synchron2022\/files\/2018\/03\/a125-50.jpg\"><img loading=\"lazy\" decoding=\"async\" class=\"size-medium wp-image-138 alignright\" src=\"https:\/\/project.inria.fr\/synchron2022\/files\/2018\/03\/a125-50-225x300.jpg\" alt=\"\" width=\"225\" height=\"300\" srcset=\"https:\/\/project.inria.fr\/synchron2022\/files\/2018\/03\/a125-50-225x300.jpg 225w, https:\/\/project.inria.fr\/synchron2022\/files\/2018\/03\/a125-50-113x150.jpg 113w, https:\/\/project.inria.fr\/synchron2022\/files\/2018\/03\/a125-50.jpg 480w\" sizes=\"auto, (max-width: 225px) 100vw, 225px\" \/><\/a><\/p>\n<div>\nCAES CNRS center <a href=\"https:\/\/www.caes.cnrs.fr\/sejours\/la-villa-clythia\/\"> Villa Clythia (site in French)<\/a><br \/>\n2754, Avenue Henri Giraud<br \/>\n83600 FR\u00c9JUS<br \/>\nFRANCE<br \/>\nTel : (+33)4 94 83 66 06<br \/>\nVenue email: <a href=\"mailto:frejus@caes.cnrs.fr\">frejus@caes.cnrs.fr<\/a><\/p>\n<p><center><strong>How to come to Villa Clythia<\/strong><\/center>\n<\/div>\n<div><i>(GPS coordinates: 43\u00b0 26\u2019 42&#8243; N, 6\u00b0 46\u2019 05&#8243; E)<\/i><\/div>\n<p><a href= \"https:\/\/www.google.com\/maps\/dir\/\/villa+clythia+frejus\/@42.7548953,5.3193979,7z\/data=!4m8!4m7!1m0!1m5!1m1!1s0x12ce981852afef3d:0x85897b2b749bbacf!2m2!1d6.7676387!2d43.4448853?hl=fr\"\/>Google Map  link <\/a><br \/>\n&nbsp;<br \/>\nTo get to Villa Clythia from nearby cities Frejus or Saint-Raphael you can take a city bus (<a href=\"https:\/\/www.agglobus-cavem.com\/horaires\/?ln=3&#038;date=28%2F11%2F2022&#038;pid=287\">line n\u00b03<\/a>, exit at &#8220;Villa Clythia&#8221; bus stop), or book a taxi.<br \/>\nLine n\u00b03 bus can be boarded either at &#8220;Fr\u00e9jus Gare Routi\u00e8re&#8221; or at &#8220;Saint Raphael Gare Routi\u00e8re&#8221;.<br \/>\nBus stop &#8220;Saint Rapha\u00ebl gare routi\u00e8re&#8221; is across the street from the train station &#8220;Saint Rapha\u00ebl&#8221;.<br \/>\nBus stop &#8220;Frejus gare routi\u00e8re&#8221; is <a href=\"https:\/\/www.google.fr\/maps\/dir\/Gare+de+Frejus,+83600+Fr%C3%A9jus\/40+Rue+Gustave+Bret,+83600+Fr%C3%A9jus\/@43.433342,6.7323425,17z\/data=%213m1%214b1%214m14%214m13%211m5%211m1%211s0x12cebd48d1293407:0x10a5ec884badfdf8%212m2%211d6.732861%212d43.432017%211m5%211m1%211s0x12cebd4de6fcf967:0x64af1b7f38c1c27%212m2%211d6.737578%212d43.434894%213e2\">10 minutes walk <\/a> from the train station &#8220;Fr\u00e9jus&#8221;.<br \/>\n<strong>Taxi stations<\/strong> can also be found at those 2 &#8220;gares routi\u00e8re&#8221;<br \/>\n\u00a0<\/strong><\/p>\n<p><strong>How to come to Fr\u00e9jus<\/strong><br \/>\n<strong>By train<\/strong><br \/>\nThe nearest train station to Villa Clythia is Saint Rapha\u00ebl-Valescure (also called &#8220;Saint Rapha\u00ebl&#8221;). Many express trains stop in this trainstation.<br \/>\nThe schedule of the trains going from Paris (Gare de Lyon train station) to Fr\u00e9jus (Saint Rapha\u00ebl-Valescure train station), can be found on <a href=\"http:\/\/en.voyages-sncf.com\/en\/train-ticket\">Voyages SNCF website<\/a>.<br \/>\n<strong>By plane<\/strong><br \/>\nThe nearest airport is <a href=\"http:\/\/en.nice.aeroport.fr\">Nice airport<\/a>, about 60 kilometers from Fr\u00e9jus. To go from Nice airport to Fr\u00e9jus, you may either take a bus, a train, or a shuttle.<\/p>\n<ul>\n<li><strong>REGIONAL TRAIN<\/strong><br \/>\nSaint Augustin train station is within <a href=\"https:\/\/www.google.fr\/maps\/dir\/Gare+Saint-Augustin,+169+Bd+Ren%C3%A9+Cassin,+06200+Nice\/A%C3%A9roport+Terminal+1,+Nice\/@43.6663863,7.2079756,488m\/data=!3m1!1e3!4m49!4m48!1m40!1m1!1s0x12cdd1eeb2721655:0x9434bf1a659c576d!2m2!1d7.2104289!2d43.6681685!3m4!1m2!1d7.2114158!2d43.6667381!3s0x12cdd11a9df837df:0xa49b4cc65e5da1c6!3m4!1m2!1d7.2114728!2d43.6664104!3s0x12cdd11a9df837df:0xa49b4cc65e5da1c6!3m4!1m2!1d7.211561!2d43.6662909!3s0x12cdd11a7fff6799:0x76005be0317a239f!3m4!1m2!1d7.2115811!2d43.666195!3s0x12cdd11a7ef703c3:0xa7a2a99ae4a6eacc!3m4!1m2!1d7.2112187!2d43.6655498!3s0x12cdd1109a821819:0xc51003834ce37313!3m4!1m2!1d7.2109983!2d43.6654632!3s0x12cdd1109a821819:0xc51003834ce37313!3m4!1m2!1d7.2112017!2d43.6654455!3s0x12cdd1109721efdb:0x99fc192b5034a240!1m5!1m1!1s0x12cdd110943a20f9:0xffc19d68337d7b57!2m2!1d7.21087!2d43.6653!3e2\">a ten minute walk from Nice airport<\/a>. <\/p>\n<p>The schedule of the trains going from Nice (&#8220;Nice Saint-Augustin A\u00e9roport&#8221; train station) to Fr\u00e9jus (&#8220;Saint Rapha\u00ebl-Valescure&#8221; train station) can be found\u00a0on\u00a0<a href=\"http:\/\/www.voyages-sncf.com\/billet-train\/horaires\">Voyages SNCF website<\/a>.<\/li>\n<li><strong>SHUTTLES<\/strong><br \/>\nShuttles from Nice airport to Fr\u00e9jus are operated by several companies.<br \/>\nOne example is <a href=\"https:\/\/www.shuttledirect.com\">Shuttle direct<\/a>.<\/li>\n<\/ul>\n<p><a href=\"https:\/\/project.inria.fr\/synchron2022\/files\/2018\/03\/la-piscine.jpg\"><img loading=\"lazy\" decoding=\"async\" class=\"alignnone wp-image-140\" src=\"https:\/\/project.inria.fr\/synchron2022\/files\/2018\/03\/la-piscine-300x183.jpg\" alt=\"\" width=\"392\" height=\"239\" srcset=\"https:\/\/project.inria.fr\/synchron2022\/files\/2018\/03\/la-piscine-300x183.jpg 300w, https:\/\/project.inria.fr\/synchron2022\/files\/2018\/03\/la-piscine-150x91.jpg 150w, https:\/\/project.inria.fr\/synchron2022\/files\/2018\/03\/la-piscine.jpg 600w\" sizes=\"auto, (max-width: 392px) 100vw, 392px\" \/><\/a> <a href=\"https:\/\/project.inria.fr\/synchron2022\/files\/2018\/03\/la-terrasse.jpg\"><img loading=\"lazy\" decoding=\"async\" class=\" wp-image-141 alignright\" src=\"https:\/\/project.inria.fr\/synchron2022\/files\/2018\/03\/la-terrasse-300x200.jpg\" alt=\"\" width=\"376\" height=\"250\" srcset=\"https:\/\/project.inria.fr\/synchron2022\/files\/2018\/03\/la-terrasse-300x200.jpg 300w, https:\/\/project.inria.fr\/synchron2022\/files\/2018\/03\/la-terrasse-150x100.jpg 150w, https:\/\/project.inria.fr\/synchron2022\/files\/2018\/03\/la-terrasse.jpg 500w\" sizes=\"auto, (max-width: 376px) 100vw, 376px\" \/><\/a><!--more--><\/p>\n<table border=\"1\" width=\"100%\" align=\"center\" valign=\"bottom\">\n<tbody>\n<tr>\n<td align=\"center\" valign=\"bottom\"><a href=\"http:\/\/www.inria.fr\"><img loading=\"lazy\" decoding=\"async\" class=\"aligncenter wp-image-260\" src=\"https:\/\/project.inria.fr\/synchron2022\/files\/2022\/10\/inr_logo_rouge.jpg\" alt=\"\" width=\"194\" height=\"68\" \/><\/a><\/td>\n<td><\/td>\n<td align=\"center\" valign=\"bottom\"><a href=\"http:\/\/www.i3s.unice.fr\"><img loading=\"lazy\" decoding=\"async\" class=\"aligncenter wp-image-260\" src=\"https:\/\/project.inria.fr\/synchron2022\/files\/2022\/05\/NewlogoI3S-250x70.jpg\" alt=\"\" width=\"250\" height=\"70\" \/><\/a><\/td>\n<td><\/td>\n<td align=\"center\" valign=\"bottom\"><a href=\"https:\/\/univ-cotedazur.fr\"><img loading=\"lazy\" decoding=\"async\" class=\"alignleft wp-image-260\" src=\"https:\/\/project.inria.fr\/synchron2022\/files\/2022\/05\/UCA.png\" alt=\"\" width=\"97\" height=\"43\" \/><\/a><\/td>\n<\/tr>\n<\/tbody>\n<\/table>\n<p><\/p>","protected":false},"excerpt":{"rendered":"<p>Synchron 2022: November 28th to December 2nd, 2022. The International Synchron Open Workshop will take place in the city of Frejus, on the French Riviera, at: CAES CNRS center Villa Clythia (site in French) 2754, Avenue Henri Giraud 83600 FR\u00c9JUS FRANCE Tel : (+33)4 94 83 66 06 Venue email:\u2026<\/p>\n<p> <a class=\"continue-reading-link\" href=\"https:\/\/project.inria.fr\/synchron2022\/venue\/\"><span>Continue reading<\/span><i class=\"crycon-right-dir\"><\/i><\/a> <\/p>\n","protected":false},"author":1382,"featured_media":0,"parent":0,"menu_order":0,"comment_status":"closed","ping_status":"closed","template":"","meta":{"footnotes":""},"class_list":["post-79","page","type-page","status-publish","hentry"],"_links":{"self":[{"href":"https:\/\/project.inria.fr\/synchron2022\/wp-json\/wp\/v2\/pages\/79","targetHints":{"allow":["GET"]}}],"collection":[{"href":"https:\/\/project.inria.fr\/synchron2022\/wp-json\/wp\/v2\/pages"}],"about":[{"href":"https:\/\/project.inria.fr\/synchron2022\/wp-json\/wp\/v2\/types\/page"}],"author":[{"embeddable":true,"href":"https:\/\/project.inria.fr\/synchron2022\/wp-json\/wp\/v2\/users\/1382"}],"replies":[{"embeddable":true,"href":"https:\/\/project.inria.fr\/synchron2022\/wp-json\/wp\/v2\/comments?post=79"}],"version-history":[{"count":30,"href":"https:\/\/project.inria.fr\/synchron2022\/wp-json\/wp\/v2\/pages\/79\/revisions"}],"predecessor-version":[{"id":565,"href":"https:\/\/project.inria.fr\/synchron2022\/wp-json\/wp\/v2\/pages\/79\/revisions\/565"}],"wp:attachment":[{"href":"https:\/\/project.inria.fr\/synchron2022\/wp-json\/wp\/v2\/media?parent=79"}],"curies":[{"name":"wp","href":"https:\/\/api.w.org\/{rel}","templated":true}]}}