

{"id":67,"date":"2019-06-20T10:50:56","date_gmt":"2019-06-20T08:50:56","guid":{"rendered":"https:\/\/project.inria.fr\/tepn\/?page_id=67"},"modified":"2019-06-20T11:21:17","modified_gmt":"2019-06-20T09:21:17","slug":"news-2","status":"publish","type":"page","link":"https:\/\/project.inria.fr\/tepn\/news-2\/","title":{"rendered":"News"},"content":{"rendered":"<p><\/p>\n<div id=\"aui_3_4_0_1_336\" class=\"journal-content-article\">\n<p id=\"aui_3_4_0_1_353\"><strong id=\"aui_3_4_0_1_352\">June-August 2016<\/strong><\/p>\n<p id=\"aui_3_4_0_1_335\">Marwa Chafii: Research visit to the Department of Engineering Science &#8211; Oxford University, United Kingdom. \u201cPerformance Analysis of non-orthogonal multi-tone FSK modulation schemes.\u201d<\/p>\n<div class=\"super-date\"><strong>EIT Digital Conference &#8211; Driving Europe\u2019s Digital Transformation in Brussels (April 2016)<\/strong><\/div>\n<div class=\"super-date\"><\/div>\n<p>Laudin Molina is invited to participate in work sessions with PhD candidates, from all EIT Doctoral Training Centers, during the <a href=\"http:\/\/eit.europa.eu\/interact\/events\/eit-digital-conference-driving-europe%E2%80%99s-digital-transformation\">EIT Digital Conference and Partner Event<\/a> to be held in Brussels, from April 12th to April 14th.<\/p>\n<p><strong>Student Award at URSI 2016!!<\/strong><\/p>\n<p>Marwa Chafii received The Student Paper Award at URSO 2016 for the following publication: Marwa Chafii, Jacques Palicot, R\u00e9mi Gribonval,: <strong>La modulation en ondelettes: une modulation alternative \u00e0 faible consommation d&#8217;\u00e9nergie<\/strong> <label> URSI <\/label> <label> : 2016 <\/label><\/p>\n<p><strong>Laudin Molina is following the EIT Doctoral School<\/strong><\/p>\n<p>Laudin Molina is following the EIT Doctoral School for innovation and entrepreneurship, from 2015 to 2018. To<br \/>\ntransfer his research from the lab to the marketplace.<\/p>\n<p><strong>July-August 2015<\/strong><\/p>\n<p>Marwa Chafii: Visiting the Department of Electrical and Computer Engineering, Communication\u00a0 Theory Laboratory, Yokohama National University, Japan. The main technical focus: \u201cStudy of the trade-off: Frequency Localization of the carriers and the PAPR\u201d<\/p>\n<p>Collaboration with: <a href=\"http:\/\/www.ochiailab.dnj.ynu.ac.jp\/hideki\/index.html\">Prof. Hideki Ochiai<\/a><\/p>\n<p><strong>June-July 2015<\/strong><\/p>\n<p>Marwa Chafii: Visiting the Department of Electronics, University of York, United Kingdom. The main technical focus: \u201cStudy of the performance of the wavelet modulation: PAPR, spectral efficiency, and bit error rate for different channels\u201d<\/p>\n<p>Collaboration with: <a href=\"https:\/\/www.york.ac.uk\/electronics\/staff\/alister_burr\/\">Prof. Alister G. Burr<\/a><\/p>\n<p><strong>June-July 2014<\/strong><\/p>\n<p>Marwa Chafii: Visiting the Chair of Wireless Communications, Poznan University of Technology, Poland. The main technical focus: \u201cTime Frequency Localization analysis for different orthogonal transforms\u201d<\/p>\n<p>Collaboration with: <a href=\"http:\/\/wcs.et.put.poznan.pl\/kr\/?language=en\">Dr. Adrian Kliks<\/a><\/p>\n<\/div>\n<p><\/p>","protected":false},"excerpt":{"rendered":"<p>June-August 2016 Marwa Chafii: Research visit to the Department of Engineering Science &#8211; Oxford University, United Kingdom. \u201cPerformance Analysis of non-orthogonal multi-tone FSK modulation schemes.\u201d\u2026<\/p>\n<p> <a class=\"continue-reading-link\" href=\"https:\/\/project.inria.fr\/tepn\/news-2\/\"><span>Continue reading<\/span><i class=\"crycon-right-dir\"><\/i><\/a> <\/p>\n","protected":false},"author":1611,"featured_media":0,"parent":0,"menu_order":0,"comment_status":"closed","ping_status":"closed","template":"","meta":{"footnotes":""},"class_list":["post-67","page","type-page","status-publish","hentry"],"_links":{"self":[{"href":"https:\/\/project.inria.fr\/tepn\/wp-json\/wp\/v2\/pages\/67","targetHints":{"allow":["GET"]}}],"collection":[{"href":"https:\/\/project.inria.fr\/tepn\/wp-json\/wp\/v2\/pages"}],"about":[{"href":"https:\/\/project.inria.fr\/tepn\/wp-json\/wp\/v2\/types\/page"}],"author":[{"embeddable":true,"href":"https:\/\/project.inria.fr\/tepn\/wp-json\/wp\/v2\/users\/1611"}],"replies":[{"embeddable":true,"href":"https:\/\/project.inria.fr\/tepn\/wp-json\/wp\/v2\/comments?post=67"}],"version-history":[{"count":2,"href":"https:\/\/project.inria.fr\/tepn\/wp-json\/wp\/v2\/pages\/67\/revisions"}],"predecessor-version":[{"id":124,"href":"https:\/\/project.inria.fr\/tepn\/wp-json\/wp\/v2\/pages\/67\/revisions\/124"}],"wp:attachment":[{"href":"https:\/\/project.inria.fr\/tepn\/wp-json\/wp\/v2\/media?parent=67"}],"curies":[{"name":"wp","href":"https:\/\/api.w.org\/{rel}","templated":true}]}}