

{"id":68,"date":"2025-08-07T11:06:43","date_gmt":"2025-08-07T09:06:43","guid":{"rendered":"https:\/\/project.inria.fr\/videoimpact\/?page_id=68"},"modified":"2026-04-27T10:01:55","modified_gmt":"2026-04-27T08:01:55","slug":"publications","status":"publish","type":"page","link":"https:\/\/project.inria.fr\/videoimpact\/publications\/","title":{"rendered":"Publications &amp; conferences"},"content":{"rendered":"\n<h2 class=\"wp-block-heading\"><mark style=\"background-color:rgba(0, 0, 0, 0)\" class=\"has-inline-color has-black-color\">Conferences<\/mark><\/h2>\n\n\n\n<p>Natacha Lapeyroux, Vincent Carlino, Virginie Lethias, Thomas Maugey, Daniel Menard, Anne-C\u00e9cile Orgerie, Robin Richard, B\u00e9n\u00e9dicte Toullec, \u00ab&nbsp;Agentivit\u00e9 et design de la plateforme YouTube&nbsp;: repenser les pratiques de visionnage \u00e0 l\u2019aune de la transition \u00e9cologique et sociale&nbsp;\u00bb, <a href=\"https:\/\/rencontres2026.aislf.org\/pages\/01-couv.php\">IIe Rencontres sociologiques de l\u2019AISFL, <\/a>Bergame, Italie (\u00e0 venir).<\/p>\n\n\n\n<p>Natacha Lapeyroux, Vincent Carlino, Virginie Lethias, Thomas Maugey, Daniel Menard, Anne-C\u00e9cile Orgerie, Robin Richard, B\u00e9n\u00e9dicte Toullec, \u00ab&nbsp;D\u00e9faire et refaire YouTube&nbsp;: exp\u00e9rimenter pour saisir les usages \u00e0 travers diff\u00e9rentes configurations du design de la plateforme&nbsp;\u00bb, colloque du Laboratoire Fabrique de Pens\u00e9e Critique (LFPC), INSA Rennes, (\u00e0 venir)<\/p>\n\n\n\n<p>Natacha Lapeyroux, Vincent Carlino, Virginie Lethias, Thomas Maugey, Daniel Menard, Anne-C\u00e9cile Orgerie, Robin Richard, B\u00e9n\u00e9dicte Toullec, \u00ab&nbsp;Analyser les usages de YouTube en lien avec les dispositifs de capture de l\u2019attention avec une approche interdisciplinaire&nbsp;\u00bb, <a href=\"https:\/\/www.marsouin.org\/article1427.html\">S\u00e9minaire Marsouin,<\/a> Quimper (\u00e0 venir).<\/p>\n\n\n\n<p>Lapeyroux Natacha, Toullec B\u00e9n\u00e9dicte, Carlino Vincent, Orgerie Anne-Cecile, Maugey Thomas, \u00ab Video streaming: how do the socio-economical models shape our research questions? \u00bb, <a href=\"https:\/\/www.undonecs.org\/\">Undone Computer Science<\/a>, Luxembourg, 23 mars 2026. Abstract en ligne : <a href=\"https:\/\/hal.science\/hal-05593120\">https:\/\/hal.science\/hal-05593120<\/a><\/p>\n\n\n\n<p>Lapeyroux Natacha, \u00ab Contraintes techniques et agentivit\u00e9 des usages sur la plateforme YouTube dans un contexte de transition \u00e9cologique et sociale \u00bb, S\u00e9minaire de l\u2019axe 2 du laboratoire Ar\u00e8nes, Universit\u00e9 de Rennes, France, 16 mars 2026.<\/p>\n","protected":false},"excerpt":{"rendered":"<p>Conferences Natacha Lapeyroux, Vincent Carlino, Virginie Lethias, Thomas Maugey, Daniel Menard, Anne-C\u00e9cile Orgerie, Robin Richard, B\u00e9n\u00e9dicte Toullec, \u00ab&nbsp;Agentivit\u00e9 et design de la plateforme YouTube&nbsp;: repenser les pratiques de visionnage \u00e0 l\u2019aune de la transition \u00e9cologique et sociale&nbsp;\u00bb, IIe Rencontres sociologiques de l\u2019AISFL, Bergame, Italie (\u00e0 venir). Natacha Lapeyroux, Vincent Carlino,\u2026<\/p>\n<p> <a class=\"continue-reading-link\" href=\"https:\/\/project.inria.fr\/videoimpact\/publications\/\"><span>Continue reading<\/span><i class=\"crycon-right-dir\"><\/i><\/a> <\/p>\n","protected":false},"author":2373,"featured_media":0,"parent":0,"menu_order":0,"comment_status":"closed","ping_status":"closed","template":"","meta":{"footnotes":""},"class_list":["post-68","page","type-page","status-publish","hentry"],"_links":{"self":[{"href":"https:\/\/project.inria.fr\/videoimpact\/wp-json\/wp\/v2\/pages\/68","targetHints":{"allow":["GET"]}}],"collection":[{"href":"https:\/\/project.inria.fr\/videoimpact\/wp-json\/wp\/v2\/pages"}],"about":[{"href":"https:\/\/project.inria.fr\/videoimpact\/wp-json\/wp\/v2\/types\/page"}],"author":[{"embeddable":true,"href":"https:\/\/project.inria.fr\/videoimpact\/wp-json\/wp\/v2\/users\/2373"}],"replies":[{"embeddable":true,"href":"https:\/\/project.inria.fr\/videoimpact\/wp-json\/wp\/v2\/comments?post=68"}],"version-history":[{"count":8,"href":"https:\/\/project.inria.fr\/videoimpact\/wp-json\/wp\/v2\/pages\/68\/revisions"}],"predecessor-version":[{"id":224,"href":"https:\/\/project.inria.fr\/videoimpact\/wp-json\/wp\/v2\/pages\/68\/revisions\/224"}],"wp:attachment":[{"href":"https:\/\/project.inria.fr\/videoimpact\/wp-json\/wp\/v2\/media?parent=68"}],"curies":[{"name":"wp","href":"https:\/\/api.w.org\/{rel}","templated":true}]}}